{"id":12946,"date":"2022-12-21T16:00:01","date_gmt":"2022-12-21T15:00:01","guid":{"rendered":"https:\/\/www.toleranzraeume.org\/argyris-sfountouris\/"},"modified":"2024-03-01T11:29:20","modified_gmt":"2024-03-01T10:29:20","slug":"argyris-sfountouris","status":"publish","type":"page","link":"https:\/\/www.toleranzraeume.org\/en\/biographies\/argyris-sfountouris\/","title":{"rendered":"Argyris Sfountouris"},"content":{"rendered":"\t\t<div data-elementor-type=\"wp-page\" data-elementor-id=\"12946\" class=\"elementor elementor-12946 elementor-5812\" data-elementor-post-type=\"page\">\n\t\t\t\t\t\t<section class=\"elementor-section elementor-top-section elementor-element elementor-element-17413b02 elementor-section-boxed elementor-section-height-default elementor-section-height-default\" data-id=\"17413b02\" data-element_type=\"section\" data-settings=\"{&quot;background_background&quot;:&quot;classic&quot;}\">\n\t\t\t\t\t\t<div class=\"elementor-container elementor-column-gap-default\">\n\t\t\t\t\t<div class=\"elementor-column elementor-col-100 elementor-top-column elementor-element elementor-element-72599f6c\" data-id=\"72599f6c\" data-element_type=\"column\">\n\t\t\t<div class=\"elementor-widget-wrap elementor-element-populated\">\n\t\t\t\t\t\t<div class=\"elementor-element elementor-element-f203811 elementor-widget elementor-widget-heading\" data-id=\"f203811\" data-element_type=\"widget\" data-widget_type=\"heading.default\">\n\t\t\t\t<div class=\"elementor-widget-container\">\n\t\t\t\t\t<h1 class=\"elementor-heading-title elementor-size-default\">Argyris Sfountouris<\/h1>\t\t\t\t<\/div>\n\t\t\t\t<\/div>\n\t\t\t\t<div class=\"elementor-element elementor-element-77b732db elementor-widget elementor-widget-heading\" data-id=\"77b732db\" data-element_type=\"widget\" data-widget_type=\"heading.default\">\n\t\t\t\t<div class=\"elementor-widget-container\">\n\t\t\t\t\t<h2 class=\"elementor-heading-title elementor-size-default\">(born 1940 in Distomo, Greece)<\/h2>\t\t\t\t<\/div>\n\t\t\t\t<\/div>\n\t\t\t\t\t<\/div>\n\t\t<\/div>\n\t\t\t\t\t<\/div>\n\t\t<\/section>\n\t\t\t\t<section class=\"elementor-section elementor-top-section elementor-element elementor-element-40e2b039 elementor-reverse-mobile elementor-section-boxed elementor-section-height-default elementor-section-height-default\" data-id=\"40e2b039\" data-element_type=\"section\">\n\t\t\t\t\t\t<div class=\"elementor-container elementor-column-gap-default\">\n\t\t\t\t\t<div class=\"elementor-column elementor-col-66 elementor-top-column elementor-element elementor-element-35793b0c\" data-id=\"35793b0c\" data-element_type=\"column\">\n\t\t\t<div class=\"elementor-widget-wrap elementor-element-populated\">\n\t\t\t\t\t\t<div class=\"elementor-element elementor-element-5b2030dd elementor-widget elementor-widget-heading\" data-id=\"5b2030dd\" data-element_type=\"widget\" data-widget_type=\"heading.default\">\n\t\t\t\t<div class=\"elementor-widget-container\">\n\t\t\t\t\t<h2 class=\"elementor-heading-title elementor-size-default\">\"Remembrance can however only begin after one has recognised the events, after one has accepted the whole truth of what has happened.\"*<\/h2>\t\t\t\t<\/div>\n\t\t\t\t<\/div>\n\t\t\t\t<div class=\"elementor-element elementor-element-17bd4dcf elementor-widget elementor-widget-text-editor\" data-id=\"17bd4dcf\" data-element_type=\"widget\" data-widget_type=\"text-editor.default\">\n\t\t\t\t<div class=\"elementor-widget-container\">\n\t\t\t\t\t\t\t\t\tArgyris Sfountouris has committed himself to fostering Geman-Greek relations as well as to the recognition and compensation of victims of German war crimes. Argyris Sfountouris grew up in the Greek village of Distomo, near Delphi. In 1940, as a four-year-old, he was forced to witness his parents\u2019 and two of his siblings\u2019 murders, alongside the murder of some 200 neighbours, at the hands of German soldiers in an act of revenge. From then on, he lived with relatives and in children&#8217;s homes. At the age of eight, he was placed in a home in Switzerland. Later, Sfountouris worked as a teacher, physicist, aid worker, writer and translator. As far as the situation permitted, he fought against the Greek military junta of the 1960s and 70s, and later received Swiss citizenship. To this day, he is committed to recognising the suffering of victims of the Wehrmacht (armed forces of Nazi Germany) in the Second World War. Not least, he sued the Federal Republic of Germany before international courts. In 2015, he held the M\u00f6llner Rede im Exil (M\u00f6lln Speech in Exile) in memory of the victims of the right-wing extremist arson attack in M\u00f6lln in 1992. In 2022, Sfountouris was honoured with the Bundesverdienstkreuz (Federal Cross of Merit). He has however still not received compensation as a victim of the Wehrmacht.\t\t\t\t\t\t\t\t<\/div>\n\t\t\t\t<\/div>\n\t\t\t\t<div class=\"elementor-element elementor-element-49ba3372 elementor-widget elementor-widget-text-editor\" data-id=\"49ba3372\" data-element_type=\"widget\" data-widget_type=\"text-editor.default\">\n\t\t\t\t<div class=\"elementor-widget-container\">\n\t\t\t\t\t\t\t\t\t<p>* \u2022 Sfountouris, A., Trauer um Deutschland. Reden und Aufs\u00e4tze eines \u00dcberlebenden (Mourning for Germany. Speeches und Esssays of a Survivor), W\u00fcrzburg 2015, p.<br \/>\n125.<\/p>\n\t\t\t\t\t\t\t\t<\/div>\n\t\t\t\t<\/div>\n\t\t\t\t\t<\/div>\n\t\t<\/div>\n\t\t\t\t<div class=\"elementor-column elementor-col-33 elementor-top-column elementor-element elementor-element-443c1dcc\" data-id=\"443c1dcc\" data-element_type=\"column\">\n\t\t\t<div class=\"elementor-widget-wrap elementor-element-populated\">\n\t\t\t\t\t\t<div class=\"elementor-element elementor-element-42103f07 elementor-widget elementor-widget-image\" data-id=\"42103f07\" data-element_type=\"widget\" data-widget_type=\"image.default\">\n\t\t\t\t<div class=\"elementor-widget-container\">\n\t\t\t\t\t\t\t\t\t\t\t\t<figure class=\"wp-caption\">\n\t\t\t\t\t\t\t\t\t\t<img fetchpriority=\"high\" decoding=\"async\" width=\"457\" height=\"685\" src=\"https:\/\/www.toleranzraeume.org\/wp-content\/uploads\/2023\/01\/Argyris-Sfountouris.jpg\" class=\"attachment-large size-large wp-image-6088\" alt=\"Argyris Sfountouris\" srcset=\"https:\/\/www.toleranzraeume.org\/wp-content\/uploads\/2023\/01\/Argyris-Sfountouris.jpg 457w, https:\/\/www.toleranzraeume.org\/wp-content\/uploads\/2023\/01\/Argyris-Sfountouris-200x300.jpg 200w\" sizes=\"(max-width: 457px) 100vw, 457px\" \/>\t\t\t\t\t\t\t\t\t\t\t<figcaption class=\"widget-image-caption wp-caption-text\">Credits: Annick Ramp, NZZ <\/figcaption>\n\t\t\t\t\t\t\t\t\t\t<\/figure>\n\t\t\t\t\t\t\t\t\t<\/div>\n\t\t\t\t<\/div>\n\t\t\t\t\t<\/div>\n\t\t<\/div>\n\t\t\t\t\t<\/div>\n\t\t<\/section>\n\t\t\t\t<\/div>\n\t\t","protected":false},"excerpt":{"rendered":"<p>Argyris Sfountouris (born 1940 in Distomo, Greece) &#8220;Remembrance can however only begin after one has recognised the events, after one has accepted the whole truth of what has happened.&#8221;* Argyris Sfountouris has committed himself to fostering Geman-Greek relations as well as to the recognition and compensation of victims of German war crimes. Argyris Sfountouris grew [&hellip;]<\/p>\n","protected":false},"author":28,"featured_media":0,"parent":13018,"menu_order":0,"comment_status":"closed","ping_status":"closed","template":"","meta":{"site-sidebar-layout":"no-sidebar","site-content-layout":"page-builder","ast-site-content-layout":"default","site-content-style":"default","site-sidebar-style":"default","ast-global-header-display":"","ast-banner-title-visibility":"","ast-main-header-display":"","ast-hfb-above-header-display":"","ast-hfb-below-header-display":"","ast-hfb-mobile-header-display":"","site-post-title":"disabled","ast-breadcrumbs-content":"","ast-featured-img":"disabled","footer-sml-layout":"","theme-transparent-header-meta":"","adv-header-id-meta":"","stick-header-meta":"","header-above-stick-meta":"","header-main-stick-meta":"","header-below-stick-meta":"","astra-migrate-meta-layouts":"default","ast-page-background-enabled":"default","ast-page-background-meta":{"desktop":{"background-color":"","background-image":"","background-repeat":"repeat","background-position":"center center","background-size":"auto","background-attachment":"scroll","background-type":"","background-media":"","overlay-type":"","overlay-color":"","overlay-opacity":"","overlay-gradient":""},"tablet":{"background-color":"","background-image":"","background-repeat":"repeat","background-position":"center center","background-size":"auto","background-attachment":"scroll","background-type":"","background-media":"","overlay-type":"","overlay-color":"","overlay-opacity":"","overlay-gradient":""},"mobile":{"background-color":"","background-image":"","background-repeat":"repeat","background-position":"center center","background-size":"auto","background-attachment":"scroll","background-type":"","background-media":"","overlay-type":"","overlay-color":"","overlay-opacity":"","overlay-gradient":""}},"ast-content-background-meta":{"desktop":{"background-color":"var(--ast-global-color-5)","background-image":"","background-repeat":"repeat","background-position":"center center","background-size":"auto","background-attachment":"scroll","background-type":"","background-media":"","overlay-type":"","overlay-color":"","overlay-opacity":"","overlay-gradient":""},"tablet":{"background-color":"var(--ast-global-color-5)","background-image":"","background-repeat":"repeat","background-position":"center center","background-size":"auto","background-attachment":"scroll","background-type":"","background-media":"","overlay-type":"","overlay-color":"","overlay-opacity":"","overlay-gradient":""},"mobile":{"background-color":"var(--ast-global-color-5)","background-image":"","background-repeat":"repeat","background-position":"center center","background-size":"auto","background-attachment":"scroll","background-type":"","background-media":"","overlay-type":"","overlay-color":"","overlay-opacity":"","overlay-gradient":""}},"footnotes":""},"class_list":["post-12946","page","type-page","status-publish","hentry"],"_links":{"self":[{"href":"https:\/\/www.toleranzraeume.org\/en\/wp-json\/wp\/v2\/pages\/12946","targetHints":{"allow":["GET"]}}],"collection":[{"href":"https:\/\/www.toleranzraeume.org\/en\/wp-json\/wp\/v2\/pages"}],"about":[{"href":"https:\/\/www.toleranzraeume.org\/en\/wp-json\/wp\/v2\/types\/page"}],"author":[{"embeddable":true,"href":"https:\/\/www.toleranzraeume.org\/en\/wp-json\/wp\/v2\/users\/28"}],"replies":[{"embeddable":true,"href":"https:\/\/www.toleranzraeume.org\/en\/wp-json\/wp\/v2\/comments?post=12946"}],"version-history":[{"count":5,"href":"https:\/\/www.toleranzraeume.org\/en\/wp-json\/wp\/v2\/pages\/12946\/revisions"}],"predecessor-version":[{"id":18479,"href":"https:\/\/www.toleranzraeume.org\/en\/wp-json\/wp\/v2\/pages\/12946\/revisions\/18479"}],"up":[{"embeddable":true,"href":"https:\/\/www.toleranzraeume.org\/en\/wp-json\/wp\/v2\/pages\/13018"}],"wp:attachment":[{"href":"https:\/\/www.toleranzraeume.org\/en\/wp-json\/wp\/v2\/media?parent=12946"}],"curies":[{"name":"wp","href":"https:\/\/api.w.org\/{rel}","templated":true}]}}

<div data-elementor-type="wp-page" data-elementor-id="12946" class="elementor elementor-12946 elementor-5812" data-elementor-post-type="page">
						<section class="elementor-section elementor-top-section elementor-element elementor-element-17413b02 elementor-section-boxed elementor-section-height-default elementor-section-height-default" data-id="17413b02" data-element_type="section" data-settings="{&quot;background_background&quot;:&quot;classic&quot;}">
						<div class="elementor-container elementor-column-gap-default">
					<div class="elementor-column elementor-col-100 elementor-top-column elementor-element elementor-element-72599f6c" data-id="72599f6c" data-element_type="column">
			<div class="elementor-widget-wrap elementor-element-populated">
						<div class="elementor-element elementor-element-f203811 elementor-widget elementor-widget-heading" data-id="f203811" data-element_type="widget" data-widget_type="heading.default">
				<div class="elementor-widget-container">
					<h1 class="elementor-heading-title elementor-size-default">Argyris Sfountouris</h1>				</div>
				</div>
				<div class="elementor-element elementor-element-77b732db elementor-widget elementor-widget-heading" data-id="77b732db" data-element_type="widget" data-widget_type="heading.default">
				<div class="elementor-widget-container">
					<h2 class="elementor-heading-title elementor-size-default">(born 1940 in Distomo, Greece)</h2>				</div>
				</div>
					</div>
		</div>
					</div>
		</section>
				<section class="elementor-section elementor-top-section elementor-element elementor-element-40e2b039 elementor-reverse-mobile elementor-section-boxed elementor-section-height-default elementor-section-height-default" data-id="40e2b039" data-element_type="section">
						<div class="elementor-container elementor-column-gap-default">
					<div class="elementor-column elementor-col-66 elementor-top-column elementor-element elementor-element-35793b0c" data-id="35793b0c" data-element_type="column">
			<div class="elementor-widget-wrap elementor-element-populated">
						<div class="elementor-element elementor-element-5b2030dd elementor-widget elementor-widget-heading" data-id="5b2030dd" data-element_type="widget" data-widget_type="heading.default">
				<div class="elementor-widget-container">
					<h2 class="elementor-heading-title elementor-size-default">"Remembrance can however only begin after one has recognised the events, after one has accepted the whole truth of what has happened."*</h2>				</div>
				</div>
				<div class="elementor-element elementor-element-17bd4dcf elementor-widget elementor-widget-text-editor" data-id="17bd4dcf" data-element_type="widget" data-widget_type="text-editor.default">
				<div class="elementor-widget-container">
									Argyris Sfountouris has committed himself to fostering Geman-Greek relations as well as to the recognition and compensation of victims of German war crimes. Argyris Sfountouris grew up in the Greek village of Distomo, near Delphi. In 1940, as a four-year-old, he was forced to witness his parents’ and two of his siblings’ murders, alongside the murder of some 200 neighbours, at the hands of German soldiers in an act of revenge. From then on, he lived with relatives and in children&#8217;s homes. At the age of eight, he was placed in a home in Switzerland. Later, Sfountouris worked as a teacher, physicist, aid worker, writer and translator. As far as the situation permitted, he fought against the Greek military junta of the 1960s and 70s, and later received Swiss citizenship. To this day, he is committed to recognising the suffering of victims of the Wehrmacht (armed forces of Nazi Germany) in the Second World War. Not least, he sued the Federal Republic of Germany before international courts. In 2015, he held the Möllner Rede im Exil (Mölln Speech in Exile) in memory of the victims of the right-wing extremist arson attack in Mölln in 1992. In 2022, Sfountouris was honoured with the Bundesverdienstkreuz (Federal Cross of Merit). He has however still not received compensation as a victim of the Wehrmacht.								</div>
				</div>
				<div class="elementor-element elementor-element-49ba3372 elementor-widget elementor-widget-text-editor" data-id="49ba3372" data-element_type="widget" data-widget_type="text-editor.default">
				<div class="elementor-widget-container">
									<p>* • Sfountouris, A., Trauer um Deutschland. Reden und Aufsätze eines Überlebenden (Mourning for Germany. Speeches und Esssays of a Survivor), Würzburg 2015, p.<br />
125.</p>
								</div>
				</div>
					</div>
		</div>
				<div class="elementor-column elementor-col-33 elementor-top-column elementor-element elementor-element-443c1dcc" data-id="443c1dcc" data-element_type="column">
			<div class="elementor-widget-wrap elementor-element-populated">
						<div class="elementor-element elementor-element-42103f07 elementor-widget elementor-widget-image" data-id="42103f07" data-element_type="widget" data-widget_type="image.default">
				<div class="elementor-widget-container">
												<figure class="wp-caption">
										<img fetchpriority="high" decoding="async" width="457" height="685" src="https://www.toleranzraeume.org/wp-content/uploads/2023/01/Argyris-Sfountouris.jpg" class="attachment-large size-large wp-image-6088" alt="Argyris Sfountouris" srcset="https://www.toleranzraeume.org/wp-content/uploads/2023/01/Argyris-Sfountouris.jpg 457w, https://www.toleranzraeume.org/wp-content/uploads/2023/01/Argyris-Sfountouris-200x300.jpg 200w" sizes="(max-width: 457px) 100vw, 457px" />											<figcaption class="widget-image-caption wp-caption-text">Credits: Annick Ramp, NZZ </figcaption>
										</figure>
									</div>
				</div>
					</div>
		</div>
					</div>
		</section>
				</div>
