{"id":21626,"date":"2022-12-21T16:04:38","date_gmt":"2022-12-21T15:04:38","guid":{"rendered":"https:\/\/www.toleranzraeume.org\/helene-lange\/"},"modified":"2024-05-14T14:30:39","modified_gmt":"2024-05-14T12:30:39","slug":"helene-lange","status":"publish","type":"page","link":"https:\/\/www.toleranzraeume.org\/tr\/helene-lange\/","title":{"rendered":"Helene Lange"},"content":{"rendered":"\t\t<div data-elementor-type=\"wp-page\" data-elementor-id=\"21626\" class=\"elementor elementor-21626 elementor-5827\" data-elementor-post-type=\"page\">\n\t\t\t\t\t\t<section class=\"elementor-section elementor-top-section elementor-element elementor-element-4e5c7005 elementor-section-boxed elementor-section-height-default elementor-section-height-default\" data-id=\"4e5c7005\" data-element_type=\"section\" data-settings=\"{&quot;background_background&quot;:&quot;classic&quot;}\">\n\t\t\t\t\t\t<div class=\"elementor-container elementor-column-gap-default\">\n\t\t\t\t\t<div class=\"elementor-column elementor-col-100 elementor-top-column elementor-element elementor-element-6cc9b8c5\" data-id=\"6cc9b8c5\" data-element_type=\"column\">\n\t\t\t<div class=\"elementor-widget-wrap elementor-element-populated\">\n\t\t\t\t\t\t<div class=\"elementor-element elementor-element-6d61630d elementor-widget elementor-widget-heading\" data-id=\"6d61630d\" data-element_type=\"widget\" data-widget_type=\"heading.default\">\n\t\t\t\t<div class=\"elementor-widget-container\">\n\t\t\t\t\t<h1 class=\"elementor-heading-title elementor-size-default\">Helene Lange<\/h1>\t\t\t\t<\/div>\n\t\t\t\t<\/div>\n\t\t\t\t<div class=\"elementor-element elementor-element-c48a6d elementor-widget elementor-widget-heading\" data-id=\"c48a6d\" data-element_type=\"widget\" data-widget_type=\"heading.default\">\n\t\t\t\t<div class=\"elementor-widget-container\">\n\t\t\t\t\t<h2 class=\"elementor-heading-title elementor-size-default\">(do\u011fum: 1848, Oldenburg \u2013 \u00f6l\u00fcm: 1930, Berlin)  <\/h2>\t\t\t\t<\/div>\n\t\t\t\t<\/div>\n\t\t\t\t\t<\/div>\n\t\t<\/div>\n\t\t\t\t\t<\/div>\n\t\t<\/section>\n\t\t\t\t<section class=\"elementor-section elementor-top-section elementor-element elementor-element-7c5b9811 elementor-reverse-mobile elementor-section-boxed elementor-section-height-default elementor-section-height-default\" data-id=\"7c5b9811\" data-element_type=\"section\">\n\t\t\t\t\t\t<div class=\"elementor-container elementor-column-gap-default\">\n\t\t\t\t\t<div class=\"elementor-column elementor-col-66 elementor-top-column elementor-element elementor-element-135f7058\" data-id=\"135f7058\" data-element_type=\"column\">\n\t\t\t<div class=\"elementor-widget-wrap elementor-element-populated\">\n\t\t\t\t\t\t<div class=\"elementor-element elementor-element-6e69c0b0 elementor-widget elementor-widget-heading\" data-id=\"6e69c0b0\" data-element_type=\"widget\" data-widget_type=\"heading.default\">\n\t\t\t\t<div class=\"elementor-widget-container\">\n\t\t\t\t\t<h2 class=\"elementor-heading-title elementor-size-default\">\u201cKad\u0131n hareketinin nihai hedefine ula\u015f\u0131ld\u0131\u011f\u0131nda art\u0131k lider bir cinsiyet de\u011fil, sadece lider ki\u015filikler olacakt\u0131r.\u201d<\/h2>\t\t\t\t<\/div>\n\t\t\t\t<\/div>\n\t\t\t\t<div class=\"elementor-element elementor-element-4fc7827c elementor-widget elementor-widget-text-editor\" data-id=\"4fc7827c\" data-element_type=\"widget\" data-widget_type=\"text-editor.default\">\n\t\t\t\t<div class=\"elementor-widget-container\">\n\t\t\t\t\t\t\t\t\t<p>Helene Lange, cinsiyet e\u015fitlili\u011fi i\u00e7in sava\u015f\u0131rken hayat\u0131n\u0131 da k\u0131zlar\u0131n daha iyi e\u011fitim alma m\u00fccadelesine adad\u0131.<\/p>\n<p>&nbsp;<\/p>\n<p>Helene Lange, 19. ve 20. y\u00fczy\u0131llar\u0131n \u00f6nemli bir kad\u0131n haklar\u0131 savunucusuydu. Orta s\u0131n\u0131f bir Oldenburg t\u00fcccar ailesinin k\u0131z\u0131 olarak yeti\u015fti ve 16 ya\u015f\u0131nda yetim kald\u0131. Daha gen\u00e7li\u011finde erkek egemen toplumun kendisine koydu\u011fu s\u0131n\u0131rlar\u0131n fark\u0131na vard\u0131. B\u00f6ylece e\u011fitimde ve i\u015fte f\u0131rsat e\u015fitli\u011fi i\u00e7in m\u00fccadele etmek \u00fczere Prusya\u2019da \u00f6\u011fretmen olmaya karar verdi. Burjuvazinin \u201cy\u00fcksek k\u0131zlar\u0131na\u201d sunulan e\u011fitimin amac\u0131, onlar\u0131 sadece anne ve e\u015f olarak s\u0131n\u0131rland\u0131klar\u0131 bir hayata haz\u0131rlamakt\u0131. Ne var ki alt s\u0131n\u0131f\u0131n gen\u00e7 kad\u0131nlar\u0131n y\u00fcksek okullara giri\u015fi tamamen yasakt\u0131.<\/p>\n<p>Angaje kad\u0131n haklar\u0131 savunucusu, pedagog, \u00f6\u011fretmen ve daha sonra da siyaset\u00e7i olan Helene Lange, kad\u0131n\u0131n ki\u015fili\u011finin temel bir farkl\u0131 oldu\u011funa inan\u0131yordu. Gene de bir\u00e7ok engelle kar\u015f\u0131la\u015fmas\u0131na ra\u011fmen kad\u0131nlar\u0131n u\u011frad\u0131klar\u0131 haks\u0131zl\u0131\u011f\u0131 sert bir dille ele\u015ftirdi. Mesela, Prusya h\u00fck\u00fcmetine bir\u00e7ok dilek\u00e7e yazd\u0131, \u201cAllgemeinen deutschen Lehrerinnenverein\u201d (Genel Alman \u00d6\u011fretmen Derne\u011fi) (ADLV) derne\u011fi ile birlikte 19. y\u00fczy\u0131ldan itibaren on y\u0131llarca yay\u0131nlanan \u201cDie Frau \u2013 Monatsschrift f\u00fcr das gesamte Frauenleben\u201d (Kad\u0131n &#8211; Kad\u0131n Hayat\u0131n\u0131n Tamam\u0131na Y\u00f6nelik Ayl\u0131k Dergi) dergisini kurdu. Nihayetinde \u201cLiberale Freisinnige Vereinigung\u201d (Liberal \u00d6zg\u00fcrl\u00fck\u00e7\u00fc Birlik) partisine kat\u0131ld\u0131. 1919\u2019da kad\u0131nlara se\u00e7me hakk\u0131n\u0131n verilmesinden sonra Helene Lange, en ya\u015fl\u0131 \u00fcye olarak ilk Hamburg temsilciler meclisini a\u00e7t\u0131. 1896\u2019da ilk kez alt\u0131 kad\u0131n\u0131n Berlin\u2019de olgunluk s\u0131nav\u0131n\u0131 (Abitur) verebilmesi b\u00fcy\u00fck \u00f6l\u00e7\u00fcde onun m\u00fccadelesi sayesinde olmu\u015ftur.<\/p>\n\t\t\t\t\t\t\t\t<\/div>\n\t\t\t\t<\/div>\n\t\t\t\t<div class=\"elementor-element elementor-element-1d16b591 elementor-widget elementor-widget-text-editor\" data-id=\"1d16b591\" data-element_type=\"widget\" data-widget_type=\"text-editor.default\">\n\t\t\t\t<div class=\"elementor-widget-container\">\n\t\t\t\t\t\t\t\t\t<p>* Lange, H., Kampfzeiten. Aufs\u00e4tze und Reden aus vier Jahrzehnten, Berlin 1928.\u00a0<\/p>\n\t\t\t\t\t\t\t\t<\/div>\n\t\t\t\t<\/div>\n\t\t\t\t\t<\/div>\n\t\t<\/div>\n\t\t\t\t<div class=\"elementor-column elementor-col-33 elementor-top-column elementor-element elementor-element-352ce4f4\" data-id=\"352ce4f4\" data-element_type=\"column\">\n\t\t\t<div class=\"elementor-widget-wrap elementor-element-populated\">\n\t\t\t\t\t\t<div class=\"elementor-element elementor-element-45c5007 elementor-widget elementor-widget-image\" data-id=\"45c5007\" data-element_type=\"widget\" data-widget_type=\"image.default\">\n\t\t\t\t<div class=\"elementor-widget-container\">\n\t\t\t\t\t\t\t\t\t\t\t\t<figure class=\"wp-caption\">\n\t\t\t\t\t\t\t\t\t\t<img fetchpriority=\"high\" decoding=\"async\" width=\"365\" height=\"507\" src=\"https:\/\/www.toleranzraeume.org\/wp-content\/uploads\/2023\/01\/Helene-Lange.jpg\" class=\"attachment-large size-large wp-image-16167\" alt=\"\" srcset=\"https:\/\/www.toleranzraeume.org\/wp-content\/uploads\/2023\/01\/Helene-Lange.jpg 365w, https:\/\/www.toleranzraeume.org\/wp-content\/uploads\/2023\/01\/Helene-Lange-216x300.jpg 216w\" sizes=\"(max-width: 365px) 100vw, 365px\" \/>\t\t\t\t\t\t\t\t\t\t\t<figcaption class=\"widget-image-caption wp-caption-text\">Bundesarchiv, Bild 183-N0215-504 \/ Fotograf: o.Ang.<\/figcaption>\n\t\t\t\t\t\t\t\t\t\t<\/figure>\n\t\t\t\t\t\t\t\t\t<\/div>\n\t\t\t\t<\/div>\n\t\t\t\t\t<\/div>\n\t\t<\/div>\n\t\t\t\t\t<\/div>\n\t\t<\/section>\n\t\t\t\t<\/div>\n\t\t","protected":false},"excerpt":{"rendered":"<p>Helene Lange (do\u011fum: 1848, Oldenburg \u2013 \u00f6l\u00fcm: 1930, Berlin) \u201cKad\u0131n hareketinin nihai hedefine ula\u015f\u0131ld\u0131\u011f\u0131nda art\u0131k lider bir cinsiyet de\u011fil, sadece lider ki\u015filikler olacakt\u0131r.\u201d Helene Lange, cinsiyet e\u015fitlili\u011fi i\u00e7in sava\u015f\u0131rken hayat\u0131n\u0131 da k\u0131zlar\u0131n daha iyi e\u011fitim alma m\u00fccadelesine adad\u0131. &nbsp; Helene Lange, 19. ve 20. y\u00fczy\u0131llar\u0131n \u00f6nemli bir kad\u0131n haklar\u0131 savunucusuydu. Orta s\u0131n\u0131f bir Oldenburg t\u00fcccar [&hellip;]<\/p>\n","protected":false},"author":28,"featured_media":0,"parent":0,"menu_order":0,"comment_status":"closed","ping_status":"closed","template":"","meta":{"site-sidebar-layout":"no-sidebar","site-content-layout":"page-builder","ast-site-content-layout":"default","site-content-style":"default","site-sidebar-style":"default","ast-global-header-display":"","ast-banner-title-visibility":"","ast-main-header-display":"","ast-hfb-above-header-display":"","ast-hfb-below-header-display":"","ast-hfb-mobile-header-display":"","site-post-title":"disabled","ast-breadcrumbs-content":"","ast-featured-img":"disabled","footer-sml-layout":"","theme-transparent-header-meta":"","adv-header-id-meta":"","stick-header-meta":"","header-above-stick-meta":"","header-main-stick-meta":"","header-below-stick-meta":"","astra-migrate-meta-layouts":"default","ast-page-background-enabled":"default","ast-page-background-meta":{"desktop":{"background-color":"","background-image":"","background-repeat":"repeat","background-position":"center center","background-size":"auto","background-attachment":"scroll","background-type":"","background-media":"","overlay-type":"","overlay-color":"","overlay-opacity":"","overlay-gradient":""},"tablet":{"background-color":"","background-image":"","background-repeat":"repeat","background-position":"center center","background-size":"auto","background-attachment":"scroll","background-type":"","background-media":"","overlay-type":"","overlay-color":"","overlay-opacity":"","overlay-gradient":""},"mobile":{"background-color":"","background-image":"","background-repeat":"repeat","background-position":"center center","background-size":"auto","background-attachment":"scroll","background-type":"","background-media":"","overlay-type":"","overlay-color":"","overlay-opacity":"","overlay-gradient":""}},"ast-content-background-meta":{"desktop":{"background-color":"var(--ast-global-color-5)","background-image":"","background-repeat":"repeat","background-position":"center center","background-size":"auto","background-attachment":"scroll","background-type":"","background-media":"","overlay-type":"","overlay-color":"","overlay-opacity":"","overlay-gradient":""},"tablet":{"background-color":"var(--ast-global-color-5)","background-image":"","background-repeat":"repeat","background-position":"center center","background-size":"auto","background-attachment":"scroll","background-type":"","background-media":"","overlay-type":"","overlay-color":"","overlay-opacity":"","overlay-gradient":""},"mobile":{"background-color":"var(--ast-global-color-5)","background-image":"","background-repeat":"repeat","background-position":"center center","background-size":"auto","background-attachment":"scroll","background-type":"","background-media":"","overlay-type":"","overlay-color":"","overlay-opacity":"","overlay-gradient":""}},"footnotes":""},"class_list":["post-21626","page","type-page","status-publish","hentry"],"_links":{"self":[{"href":"https:\/\/www.toleranzraeume.org\/tr\/wp-json\/wp\/v2\/pages\/21626","targetHints":{"allow":["GET"]}}],"collection":[{"href":"https:\/\/www.toleranzraeume.org\/tr\/wp-json\/wp\/v2\/pages"}],"about":[{"href":"https:\/\/www.toleranzraeume.org\/tr\/wp-json\/wp\/v2\/types\/page"}],"author":[{"embeddable":true,"href":"https:\/\/www.toleranzraeume.org\/tr\/wp-json\/wp\/v2\/users\/28"}],"replies":[{"embeddable":true,"href":"https:\/\/www.toleranzraeume.org\/tr\/wp-json\/wp\/v2\/comments?post=21626"}],"version-history":[{"count":1,"href":"https:\/\/www.toleranzraeume.org\/tr\/wp-json\/wp\/v2\/pages\/21626\/revisions"}],"predecessor-version":[{"id":21627,"href":"https:\/\/www.toleranzraeume.org\/tr\/wp-json\/wp\/v2\/pages\/21626\/revisions\/21627"}],"wp:attachment":[{"href":"https:\/\/www.toleranzraeume.org\/tr\/wp-json\/wp\/v2\/media?parent=21626"}],"curies":[{"name":"wp","href":"https:\/\/api.w.org\/{rel}","templated":true}]}}

<div data-elementor-type="wp-page" data-elementor-id="21626" class="elementor elementor-21626 elementor-5827" data-elementor-post-type="page">
						<section class="elementor-section elementor-top-section elementor-element elementor-element-4e5c7005 elementor-section-boxed elementor-section-height-default elementor-section-height-default" data-id="4e5c7005" data-element_type="section" data-settings="{&quot;background_background&quot;:&quot;classic&quot;}">
						<div class="elementor-container elementor-column-gap-default">
					<div class="elementor-column elementor-col-100 elementor-top-column elementor-element elementor-element-6cc9b8c5" data-id="6cc9b8c5" data-element_type="column">
			<div class="elementor-widget-wrap elementor-element-populated">
						<div class="elementor-element elementor-element-6d61630d elementor-widget elementor-widget-heading" data-id="6d61630d" data-element_type="widget" data-widget_type="heading.default">
				<div class="elementor-widget-container">
					<h1 class="elementor-heading-title elementor-size-default">Helene Lange</h1>				</div>
				</div>
				<div class="elementor-element elementor-element-c48a6d elementor-widget elementor-widget-heading" data-id="c48a6d" data-element_type="widget" data-widget_type="heading.default">
				<div class="elementor-widget-container">
					<h2 class="elementor-heading-title elementor-size-default">(doğum: 1848, Oldenburg – ölüm: 1930, Berlin)  </h2>				</div>
				</div>
					</div>
		</div>
					</div>
		</section>
				<section class="elementor-section elementor-top-section elementor-element elementor-element-7c5b9811 elementor-reverse-mobile elementor-section-boxed elementor-section-height-default elementor-section-height-default" data-id="7c5b9811" data-element_type="section">
						<div class="elementor-container elementor-column-gap-default">
					<div class="elementor-column elementor-col-66 elementor-top-column elementor-element elementor-element-135f7058" data-id="135f7058" data-element_type="column">
			<div class="elementor-widget-wrap elementor-element-populated">
						<div class="elementor-element elementor-element-6e69c0b0 elementor-widget elementor-widget-heading" data-id="6e69c0b0" data-element_type="widget" data-widget_type="heading.default">
				<div class="elementor-widget-container">
					<h2 class="elementor-heading-title elementor-size-default">“Kadın hareketinin nihai hedefine ulaşıldığında artık lider bir cinsiyet değil, sadece lider kişilikler olacaktır.”</h2>				</div>
				</div>
				<div class="elementor-element elementor-element-4fc7827c elementor-widget elementor-widget-text-editor" data-id="4fc7827c" data-element_type="widget" data-widget_type="text-editor.default">
				<div class="elementor-widget-container">
									<p>Helene Lange, cinsiyet eşitliliği için savaşırken hayatını da kızların daha iyi eğitim alma mücadelesine adadı.</p>
<p>&nbsp;</p>
<p>Helene Lange, 19. ve 20. yüzyılların önemli bir kadın hakları savunucusuydu. Orta sınıf bir Oldenburg tüccar ailesinin kızı olarak yetişti ve 16 yaşında yetim kaldı. Daha gençliğinde erkek egemen toplumun kendisine koyduğu sınırların farkına vardı. Böylece eğitimde ve işte fırsat eşitliği için mücadele etmek üzere Prusya’da öğretmen olmaya karar verdi. Burjuvazinin “yüksek kızlarına” sunulan eğitimin amacı, onları sadece anne ve eş olarak sınırlandıkları bir hayata hazırlamaktı. Ne var ki alt sınıfın genç kadınların yüksek okullara girişi tamamen yasaktı.</p>
<p>Angaje kadın hakları savunucusu, pedagog, öğretmen ve daha sonra da siyasetçi olan Helene Lange, kadının kişiliğinin temel bir farklı olduğuna inanıyordu. Gene de birçok engelle karşılaşmasına rağmen kadınların uğradıkları haksızlığı sert bir dille eleştirdi. Mesela, Prusya hükümetine birçok dilekçe yazdı, “Allgemeinen deutschen Lehrerinnenverein” (Genel Alman Öğretmen Derneği) (ADLV) derneği ile birlikte 19. yüzyıldan itibaren on yıllarca yayınlanan “Die Frau – Monatsschrift für das gesamte Frauenleben” (Kadın &#8211; Kadın Hayatının Tamamına Yönelik Aylık Dergi) dergisini kurdu. Nihayetinde “Liberale Freisinnige Vereinigung” (Liberal Özgürlükçü Birlik) partisine katıldı. 1919’da kadınlara seçme hakkının verilmesinden sonra Helene Lange, en yaşlı üye olarak ilk Hamburg temsilciler meclisini açtı. 1896’da ilk kez altı kadının Berlin’de olgunluk sınavını (Abitur) verebilmesi büyük ölçüde onun mücadelesi sayesinde olmuştur.</p>
								</div>
				</div>
				<div class="elementor-element elementor-element-1d16b591 elementor-widget elementor-widget-text-editor" data-id="1d16b591" data-element_type="widget" data-widget_type="text-editor.default">
				<div class="elementor-widget-container">
									<p>* Lange, H., Kampfzeiten. Aufsätze und Reden aus vier Jahrzehnten, Berlin 1928. </p>
								</div>
				</div>
					</div>
		</div>
				<div class="elementor-column elementor-col-33 elementor-top-column elementor-element elementor-element-352ce4f4" data-id="352ce4f4" data-element_type="column">
			<div class="elementor-widget-wrap elementor-element-populated">
						<div class="elementor-element elementor-element-45c5007 elementor-widget elementor-widget-image" data-id="45c5007" data-element_type="widget" data-widget_type="image.default">
				<div class="elementor-widget-container">
												<figure class="wp-caption">
										<img fetchpriority="high" decoding="async" width="365" height="507" src="https://www.toleranzraeume.org/wp-content/uploads/2023/01/Helene-Lange.jpg" class="attachment-large size-large wp-image-16167" alt="" srcset="https://www.toleranzraeume.org/wp-content/uploads/2023/01/Helene-Lange.jpg 365w, https://www.toleranzraeume.org/wp-content/uploads/2023/01/Helene-Lange-216x300.jpg 216w" sizes="(max-width: 365px) 100vw, 365px" />											<figcaption class="widget-image-caption wp-caption-text">Bundesarchiv, Bild 183-N0215-504 / Fotograf: o.Ang.</figcaption>
										</figure>
									</div>
				</div>
					</div>
		</div>
					</div>
		</section>
				</div>

<p>Helene Lange (doğum: 1848, Oldenburg – ölüm: 1930, Berlin) “Kadın hareketinin nihai hedefine ulaşıldığında artık lider bir cinsiyet değil, sadece lider kişilikler olacaktır.” Helene Lange, cinsiyet eşitliliği için savaşırken hayatını da kızların daha iyi eğitim alma mücadelesine adadı. &nbsp; Helene Lange, 19. ve 20. yüzyılların önemli bir kadın hakları savunucusuydu. Orta sınıf bir Oldenburg tüccar [&hellip;]</p>
