{"id":21672,"date":"2022-12-21T16:05:16","date_gmt":"2022-12-21T15:05:16","guid":{"rendered":"https:\/\/www.toleranzraeume.org\/sophia-magdalena-scholl\/"},"modified":"2024-05-15T13:38:11","modified_gmt":"2024-05-15T11:38:11","slug":"sophia-magdalena-scholl","status":"publish","type":"page","link":"https:\/\/www.toleranzraeume.org\/tr\/sophia-magdalena-scholl\/","title":{"rendered":"Sophia Magdalena Scholl"},"content":{"rendered":"\t\t<div data-elementor-type=\"wp-page\" data-elementor-id=\"21672\" class=\"elementor elementor-21672 elementor-5830\" data-elementor-post-type=\"page\">\n\t\t\t\t\t\t<section class=\"elementor-section elementor-top-section elementor-element elementor-element-cae9d75 elementor-section-boxed elementor-section-height-default elementor-section-height-default\" data-id=\"cae9d75\" data-element_type=\"section\" data-settings=\"{&quot;background_background&quot;:&quot;classic&quot;}\">\n\t\t\t\t\t\t<div class=\"elementor-container elementor-column-gap-default\">\n\t\t\t\t\t<div class=\"elementor-column elementor-col-100 elementor-top-column elementor-element elementor-element-4f35dbce\" data-id=\"4f35dbce\" data-element_type=\"column\">\n\t\t\t<div class=\"elementor-widget-wrap elementor-element-populated\">\n\t\t\t\t\t\t<div class=\"elementor-element elementor-element-12b81446 elementor-widget elementor-widget-heading\" data-id=\"12b81446\" data-element_type=\"widget\" data-widget_type=\"heading.default\">\n\t\t\t\t<div class=\"elementor-widget-container\">\n\t\t\t\t\t<h1 class=\"elementor-heading-title elementor-size-default\">Sophia Magdalena Scholl<\/h1>\t\t\t\t<\/div>\n\t\t\t\t<\/div>\n\t\t\t\t<div class=\"elementor-element elementor-element-7a126a8f elementor-widget elementor-widget-heading\" data-id=\"7a126a8f\" data-element_type=\"widget\" data-widget_type=\"heading.default\">\n\t\t\t\t<div class=\"elementor-widget-container\">\n\t\t\t\t\t<h2 class=\"elementor-heading-title elementor-size-default\">(do\u011fum: 1921, Forchtenberg \u2013 1943\u2019te M\u00fcnih'te idam edildi)<\/h2>\t\t\t\t<\/div>\n\t\t\t\t<\/div>\n\t\t\t\t\t<\/div>\n\t\t<\/div>\n\t\t\t\t\t<\/div>\n\t\t<\/section>\n\t\t\t\t<section class=\"elementor-section elementor-top-section elementor-element elementor-element-43e67611 elementor-reverse-mobile elementor-section-boxed elementor-section-height-default elementor-section-height-default\" data-id=\"43e67611\" data-element_type=\"section\">\n\t\t\t\t\t\t<div class=\"elementor-container elementor-column-gap-default\">\n\t\t\t\t\t<div class=\"elementor-column elementor-col-66 elementor-top-column elementor-element elementor-element-55855822\" data-id=\"55855822\" data-element_type=\"column\">\n\t\t\t<div class=\"elementor-widget-wrap elementor-element-populated\">\n\t\t\t\t\t\t<div class=\"elementor-element elementor-element-544a9879 elementor-widget elementor-widget-heading\" data-id=\"544a9879\" data-element_type=\"widget\" data-widget_type=\"heading.default\">\n\t\t\t\t<div class=\"elementor-widget-container\">\n\t\t\t\t\t<h2 class=\"elementor-heading-title elementor-size-default\">\u201cSiyasetten \u00e7ok \u015fey anlamasam ve siyaset yapma h\u0131rs\u0131m olmasa da adalet ile adaletsizlik aras\u0131ndaki ay\u0131rt edecek bir akl\u0131m var, bunun da siyaset ve vatanda\u015fl\u0131kla ilgisi yok.\u201d (Fritz Hartnagel\u2019e mektup, 29 May\u0131s 1940)<\/h2>\t\t\t\t<\/div>\n\t\t\t\t<\/div>\n\t\t\t\t<div class=\"elementor-element elementor-element-4034c539 elementor-widget elementor-widget-text-editor\" data-id=\"4034c539\" data-element_type=\"widget\" data-widget_type=\"text-editor.default\">\n\t\t\t\t<div class=\"elementor-widget-container\">\n\t\t\t\t\t\t\t\t\t<p>Sophia Magdalena \u201cSophie\u201d Nasyonal Sosyalizme kar\u015f\u0131 m\u00fccadele ederken hayat\u0131n\u0131 kaybetti.<\/p>\n<p>&nbsp;<\/p>\n<p>Sophie Scholl, liberal ve Protestan bir ailede b\u00fcy\u00fcd\u00fc, 1930\u2019dan sonra Ludwigsburg\u2019taki bir Evanjelist k\u0131z okuluna gitti, sonra da direni\u015f\u00e7i oldu. Annesiyle babas\u0131 Nasyonal Sosyalizmi reddediyordu. Buna ra\u011fmen Sophie Scholl, 1934 y\u0131l\u0131nda Bund Deutscher M\u00e4del (BDM-Alman K\u0131z Birli\u011fi) \u00fcyesi oldu. Ne var ki iki y\u0131l ge\u00e7memi\u015fti ki art\u0131k 15 ya\u015f\u0131nda olan Sophie, gizlice yasak bulu\u015fmalar d\u00fczenleyen alternatif bir gen\u00e7lik birli\u011finin toplant\u0131lar\u0131na kat\u0131ld\u0131.<\/p>\n<p>&nbsp;<\/p>\n<p>1942\u2019de Sophie Scholl biyoloji ve felsefe okumak i\u00e7in M\u00fcnih&#8217;e ta\u015f\u0131nd\u0131. A\u011fabeyi Hans arac\u0131l\u0131\u011f\u0131yla Nazi ideolojisini reddeden di\u011fer \u00f6\u011frencilerle tan\u0131\u015ft\u0131, \u201cBeyaz G\u00fcl\u201d direni\u015f grubuna kat\u0131ld\u0131. Ocak 1943\u2019te Scholl ilk kez Nazileri ele\u015ftiren bir bro\u015f\u00fcr\u00fcn haz\u0131rlanmas\u0131na katk\u0131da bulundu. Aktivistler rahats\u0131z edici yaz\u0131lar\u0131n\u0131 ba\u015flarda M\u00fcnih \u00dcniversitesi kamp\u00fcs\u00fcnde, sonralar\u0131 da Stuttgart, Berlin, K\u00f6ln ve Viyana&#8217;da da\u011f\u0131tt\u0131lar. Hatta Nazi rejimini devirmeye \u00e7a\u011f\u0131ran alt\u0131nc\u0131 bro\u015f\u00fcr B\u00fcy\u00fck Britanya\u2019ya bile ula\u015ft\u0131. Bro\u015f\u00fcr burada kopyalan\u0131p u\u00e7aklarla Almanya \u00fczerine at\u0131ld\u0131. Fakat \u00e7ok ge\u00e7meden Gestapo antifa\u015fist \u00f6\u011frencilerinin izini buldu.<\/p>\n<p>&nbsp;<\/p>\n<p>18 \u015eubat&#8217;ta Hans ve Sophie Scholl tutuklanarak k\u0131sa bir s\u00fcre sonra da \u00f6\u011frenci arkada\u015flar\u0131 Christoph Probst ile birlikte \u00f6l\u00fcme mahkum edildi.<\/p>\n\t\t\t\t\t\t\t\t<\/div>\n\t\t\t\t<\/div>\n\t\t\t\t<div class=\"elementor-element elementor-element-cef7b37 elementor-widget elementor-widget-text-editor\" data-id=\"cef7b37\" data-element_type=\"widget\" data-widget_type=\"text-editor.default\">\n\t\t\t\t<div class=\"elementor-widget-container\">\n\t\t\t\t\t\t\t\t\t<p>Scholl H., Scholl S., Briefe und Aufzeichnungen. Frankfurt am Main 1984.<\/p>\n\t\t\t\t\t\t\t\t<\/div>\n\t\t\t\t<\/div>\n\t\t\t\t\t<\/div>\n\t\t<\/div>\n\t\t\t\t<div class=\"elementor-column elementor-col-33 elementor-top-column elementor-element elementor-element-7bb7b614\" data-id=\"7bb7b614\" data-element_type=\"column\">\n\t\t\t<div class=\"elementor-widget-wrap elementor-element-populated\">\n\t\t\t\t\t\t<div class=\"elementor-element elementor-element-5fb9b65e elementor-widget elementor-widget-image\" data-id=\"5fb9b65e\" data-element_type=\"widget\" data-widget_type=\"image.default\">\n\t\t\t\t<div class=\"elementor-widget-container\">\n\t\t\t\t\t\t\t\t\t\t\t\t<figure class=\"wp-caption\">\n\t\t\t\t\t\t\t\t\t\t<img fetchpriority=\"high\" decoding=\"async\" width=\"443\" height=\"617\" src=\"https:\/\/www.toleranzraeume.org\/wp-content\/uploads\/2023\/01\/Sophie-Scholl.jpg\" class=\"attachment-large size-large wp-image-16170\" alt=\"\" srcset=\"https:\/\/www.toleranzraeume.org\/wp-content\/uploads\/2023\/01\/Sophie-Scholl.jpg 443w, https:\/\/www.toleranzraeume.org\/wp-content\/uploads\/2023\/01\/Sophie-Scholl-215x300.jpg 215w\" sizes=\"(max-width: 443px) 100vw, 443px\" \/>\t\t\t\t\t\t\t\t\t\t\t<figcaption class=\"widget-image-caption wp-caption-text\">Credits: George J. Wittenstein <\/figcaption>\n\t\t\t\t\t\t\t\t\t\t<\/figure>\n\t\t\t\t\t\t\t\t\t<\/div>\n\t\t\t\t<\/div>\n\t\t\t\t\t<\/div>\n\t\t<\/div>\n\t\t\t\t\t<\/div>\n\t\t<\/section>\n\t\t\t\t<\/div>\n\t\t","protected":false},"excerpt":{"rendered":"<p>Sophia Magdalena Scholl (do\u011fum: 1921, Forchtenberg \u2013 1943\u2019te M\u00fcnih&#8217;te idam edildi) \u201cSiyasetten \u00e7ok \u015fey anlamasam ve siyaset yapma h\u0131rs\u0131m olmasa da adalet ile adaletsizlik aras\u0131ndaki ay\u0131rt edecek bir akl\u0131m var, bunun da siyaset ve vatanda\u015fl\u0131kla ilgisi yok.\u201d (Fritz Hartnagel\u2019e mektup, 29 May\u0131s 1940) Sophia Magdalena \u201cSophie\u201d Nasyonal Sosyalizme kar\u015f\u0131 m\u00fccadele ederken hayat\u0131n\u0131 kaybetti. &nbsp; Sophie [&hellip;]<\/p>\n","protected":false},"author":28,"featured_media":0,"parent":0,"menu_order":0,"comment_status":"closed","ping_status":"closed","template":"","meta":{"site-sidebar-layout":"no-sidebar","site-content-layout":"page-builder","ast-site-content-layout":"default","site-content-style":"default","site-sidebar-style":"default","ast-global-header-display":"","ast-banner-title-visibility":"","ast-main-header-display":"","ast-hfb-above-header-display":"","ast-hfb-below-header-display":"","ast-hfb-mobile-header-display":"","site-post-title":"disabled","ast-breadcrumbs-content":"","ast-featured-img":"disabled","footer-sml-layout":"","theme-transparent-header-meta":"","adv-header-id-meta":"","stick-header-meta":"","header-above-stick-meta":"","header-main-stick-meta":"","header-below-stick-meta":"","astra-migrate-meta-layouts":"default","ast-page-background-enabled":"default","ast-page-background-meta":{"desktop":{"background-color":"","background-image":"","background-repeat":"repeat","background-position":"center center","background-size":"auto","background-attachment":"scroll","background-type":"","background-media":"","overlay-type":"","overlay-color":"","overlay-opacity":"","overlay-gradient":""},"tablet":{"background-color":"","background-image":"","background-repeat":"repeat","background-position":"center center","background-size":"auto","background-attachment":"scroll","background-type":"","background-media":"","overlay-type":"","overlay-color":"","overlay-opacity":"","overlay-gradient":""},"mobile":{"background-color":"","background-image":"","background-repeat":"repeat","background-position":"center center","background-size":"auto","background-attachment":"scroll","background-type":"","background-media":"","overlay-type":"","overlay-color":"","overlay-opacity":"","overlay-gradient":""}},"ast-content-background-meta":{"desktop":{"background-color":"var(--ast-global-color-5)","background-image":"","background-repeat":"repeat","background-position":"center center","background-size":"auto","background-attachment":"scroll","background-type":"","background-media":"","overlay-type":"","overlay-color":"","overlay-opacity":"","overlay-gradient":""},"tablet":{"background-color":"var(--ast-global-color-5)","background-image":"","background-repeat":"repeat","background-position":"center center","background-size":"auto","background-attachment":"scroll","background-type":"","background-media":"","overlay-type":"","overlay-color":"","overlay-opacity":"","overlay-gradient":""},"mobile":{"background-color":"var(--ast-global-color-5)","background-image":"","background-repeat":"repeat","background-position":"center center","background-size":"auto","background-attachment":"scroll","background-type":"","background-media":"","overlay-type":"","overlay-color":"","overlay-opacity":"","overlay-gradient":""}},"footnotes":""},"class_list":["post-21672","page","type-page","status-publish","hentry"],"_links":{"self":[{"href":"https:\/\/www.toleranzraeume.org\/tr\/wp-json\/wp\/v2\/pages\/21672","targetHints":{"allow":["GET"]}}],"collection":[{"href":"https:\/\/www.toleranzraeume.org\/tr\/wp-json\/wp\/v2\/pages"}],"about":[{"href":"https:\/\/www.toleranzraeume.org\/tr\/wp-json\/wp\/v2\/types\/page"}],"author":[{"embeddable":true,"href":"https:\/\/www.toleranzraeume.org\/tr\/wp-json\/wp\/v2\/users\/28"}],"replies":[{"embeddable":true,"href":"https:\/\/www.toleranzraeume.org\/tr\/wp-json\/wp\/v2\/comments?post=21672"}],"version-history":[{"count":1,"href":"https:\/\/www.toleranzraeume.org\/tr\/wp-json\/wp\/v2\/pages\/21672\/revisions"}],"predecessor-version":[{"id":21673,"href":"https:\/\/www.toleranzraeume.org\/tr\/wp-json\/wp\/v2\/pages\/21672\/revisions\/21673"}],"wp:attachment":[{"href":"https:\/\/www.toleranzraeume.org\/tr\/wp-json\/wp\/v2\/media?parent=21672"}],"curies":[{"name":"wp","href":"https:\/\/api.w.org\/{rel}","templated":true}]}}

<div data-elementor-type="wp-page" data-elementor-id="21672" class="elementor elementor-21672 elementor-5830" data-elementor-post-type="page">
						<section class="elementor-section elementor-top-section elementor-element elementor-element-cae9d75 elementor-section-boxed elementor-section-height-default elementor-section-height-default" data-id="cae9d75" data-element_type="section" data-settings="{&quot;background_background&quot;:&quot;classic&quot;}">
						<div class="elementor-container elementor-column-gap-default">
					<div class="elementor-column elementor-col-100 elementor-top-column elementor-element elementor-element-4f35dbce" data-id="4f35dbce" data-element_type="column">
			<div class="elementor-widget-wrap elementor-element-populated">
						<div class="elementor-element elementor-element-12b81446 elementor-widget elementor-widget-heading" data-id="12b81446" data-element_type="widget" data-widget_type="heading.default">
				<div class="elementor-widget-container">
					<h1 class="elementor-heading-title elementor-size-default">Sophia Magdalena Scholl</h1>				</div>
				</div>
				<div class="elementor-element elementor-element-7a126a8f elementor-widget elementor-widget-heading" data-id="7a126a8f" data-element_type="widget" data-widget_type="heading.default">
				<div class="elementor-widget-container">
					<h2 class="elementor-heading-title elementor-size-default">(doğum: 1921, Forchtenberg – 1943’te Münih'te idam edildi)</h2>				</div>
				</div>
					</div>
		</div>
					</div>
		</section>
				<section class="elementor-section elementor-top-section elementor-element elementor-element-43e67611 elementor-reverse-mobile elementor-section-boxed elementor-section-height-default elementor-section-height-default" data-id="43e67611" data-element_type="section">
						<div class="elementor-container elementor-column-gap-default">
					<div class="elementor-column elementor-col-66 elementor-top-column elementor-element elementor-element-55855822" data-id="55855822" data-element_type="column">
			<div class="elementor-widget-wrap elementor-element-populated">
						<div class="elementor-element elementor-element-544a9879 elementor-widget elementor-widget-heading" data-id="544a9879" data-element_type="widget" data-widget_type="heading.default">
				<div class="elementor-widget-container">
					<h2 class="elementor-heading-title elementor-size-default">“Siyasetten çok şey anlamasam ve siyaset yapma hırsım olmasa da adalet ile adaletsizlik arasındaki ayırt edecek bir aklım var, bunun da siyaset ve vatandaşlıkla ilgisi yok.” (Fritz Hartnagel’e mektup, 29 Mayıs 1940)</h2>				</div>
				</div>
				<div class="elementor-element elementor-element-4034c539 elementor-widget elementor-widget-text-editor" data-id="4034c539" data-element_type="widget" data-widget_type="text-editor.default">
				<div class="elementor-widget-container">
									<p>Sophia Magdalena “Sophie” Nasyonal Sosyalizme karşı mücadele ederken hayatını kaybetti.</p>
<p>&nbsp;</p>
<p>Sophie Scholl, liberal ve Protestan bir ailede büyüdü, 1930’dan sonra Ludwigsburg’taki bir Evanjelist kız okuluna gitti, sonra da direnişçi oldu. Annesiyle babası Nasyonal Sosyalizmi reddediyordu. Buna rağmen Sophie Scholl, 1934 yılında Bund Deutscher Mädel (BDM-Alman Kız Birliği) üyesi oldu. Ne var ki iki yıl geçmemişti ki artık 15 yaşında olan Sophie, gizlice yasak buluşmalar düzenleyen alternatif bir gençlik birliğinin toplantılarına katıldı.</p>
<p>&nbsp;</p>
<p>1942’de Sophie Scholl biyoloji ve felsefe okumak için Münih&#8217;e taşındı. Ağabeyi Hans aracılığıyla Nazi ideolojisini reddeden diğer öğrencilerle tanıştı, “Beyaz Gül” direniş grubuna katıldı. Ocak 1943’te Scholl ilk kez Nazileri eleştiren bir broşürün hazırlanmasına katkıda bulundu. Aktivistler rahatsız edici yazılarını başlarda Münih Üniversitesi kampüsünde, sonraları da Stuttgart, Berlin, Köln ve Viyana&#8217;da dağıttılar. Hatta Nazi rejimini devirmeye çağıran altıncı broşür Büyük Britanya’ya bile ulaştı. Broşür burada kopyalanıp uçaklarla Almanya üzerine atıldı. Fakat çok geçmeden Gestapo antifaşist öğrencilerinin izini buldu.</p>
<p>&nbsp;</p>
<p>18 Şubat&#8217;ta Hans ve Sophie Scholl tutuklanarak kısa bir süre sonra da öğrenci arkadaşları Christoph Probst ile birlikte ölüme mahkum edildi.</p>
								</div>
				</div>
				<div class="elementor-element elementor-element-cef7b37 elementor-widget elementor-widget-text-editor" data-id="cef7b37" data-element_type="widget" data-widget_type="text-editor.default">
				<div class="elementor-widget-container">
									<p>Scholl H., Scholl S., Briefe und Aufzeichnungen. Frankfurt am Main 1984.</p>
								</div>
				</div>
					</div>
		</div>
				<div class="elementor-column elementor-col-33 elementor-top-column elementor-element elementor-element-7bb7b614" data-id="7bb7b614" data-element_type="column">
			<div class="elementor-widget-wrap elementor-element-populated">
						<div class="elementor-element elementor-element-5fb9b65e elementor-widget elementor-widget-image" data-id="5fb9b65e" data-element_type="widget" data-widget_type="image.default">
				<div class="elementor-widget-container">
												<figure class="wp-caption">
										<img fetchpriority="high" decoding="async" width="443" height="617" src="https://www.toleranzraeume.org/wp-content/uploads/2023/01/Sophie-Scholl.jpg" class="attachment-large size-large wp-image-16170" alt="" srcset="https://www.toleranzraeume.org/wp-content/uploads/2023/01/Sophie-Scholl.jpg 443w, https://www.toleranzraeume.org/wp-content/uploads/2023/01/Sophie-Scholl-215x300.jpg 215w" sizes="(max-width: 443px) 100vw, 443px" />											<figcaption class="widget-image-caption wp-caption-text">Credits: George J. Wittenstein </figcaption>
										</figure>
									</div>
				</div>
					</div>
		</div>
					</div>
		</section>
				</div>

<p>Sophia Magdalena Scholl (doğum: 1921, Forchtenberg – 1943’te Münih&#8217;te idam edildi) “Siyasetten çok şey anlamasam ve siyaset yapma hırsım olmasa da adalet ile adaletsizlik arasındaki ayırt edecek bir aklım var, bunun da siyaset ve vatandaşlıkla ilgisi yok.” (Fritz Hartnagel’e mektup, 29 Mayıs 1940) Sophia Magdalena “Sophie” Nasyonal Sosyalizme karşı mücadele ederken hayatını kaybetti. &nbsp; Sophie [&hellip;]</p>
