{"id":21735,"date":"2023-03-15T08:51:24","date_gmt":"2023-03-15T07:51:24","guid":{"rendered":"https:\/\/www.toleranzraeume.org\/alice-hasters\/"},"modified":"2024-05-16T09:03:45","modified_gmt":"2024-05-16T07:03:45","slug":"alice-hasters","status":"publish","type":"page","link":"https:\/\/www.toleranzraeume.org\/tr\/alice-hasters\/","title":{"rendered":"Alice Hasters"},"content":{"rendered":"\t\t<div data-elementor-type=\"wp-page\" data-elementor-id=\"21735\" class=\"elementor elementor-21735 elementor-7646\" data-elementor-post-type=\"page\">\n\t\t\t\t\t\t<section class=\"elementor-section elementor-top-section elementor-element elementor-element-723b6b83 elementor-section-boxed elementor-section-height-default elementor-section-height-default\" data-id=\"723b6b83\" data-element_type=\"section\" data-settings=\"{&quot;background_background&quot;:&quot;classic&quot;}\">\n\t\t\t\t\t\t<div class=\"elementor-container elementor-column-gap-default\">\n\t\t\t\t\t<div class=\"elementor-column elementor-col-100 elementor-top-column elementor-element elementor-element-1676ded1\" data-id=\"1676ded1\" data-element_type=\"column\">\n\t\t\t<div class=\"elementor-widget-wrap elementor-element-populated\">\n\t\t\t\t\t\t<div class=\"elementor-element elementor-element-49f298a9 elementor-widget elementor-widget-heading\" data-id=\"49f298a9\" data-element_type=\"widget\" data-widget_type=\"heading.default\">\n\t\t\t\t<div class=\"elementor-widget-container\">\n\t\t\t\t\t<h1 class=\"elementor-heading-title elementor-size-default\">Alice Hasters<\/h1>\t\t\t\t<\/div>\n\t\t\t\t<\/div>\n\t\t\t\t<div class=\"elementor-element elementor-element-5d49dcb9 elementor-widget elementor-widget-heading\" data-id=\"5d49dcb9\" data-element_type=\"widget\" data-widget_type=\"heading.default\">\n\t\t\t\t<div class=\"elementor-widget-container\">\n\t\t\t\t\t<h2 class=\"elementor-heading-title elementor-size-default\">(do\u011fum: 1989, K\u00f6ln)<\/h2>\t\t\t\t<\/div>\n\t\t\t\t<\/div>\n\t\t\t\t\t<\/div>\n\t\t<\/div>\n\t\t\t\t\t<\/div>\n\t\t<\/section>\n\t\t\t\t<section class=\"elementor-section elementor-top-section elementor-element elementor-element-6abb3dd elementor-reverse-mobile elementor-section-boxed elementor-section-height-default elementor-section-height-default\" data-id=\"6abb3dd\" data-element_type=\"section\">\n\t\t\t\t\t\t<div class=\"elementor-container elementor-column-gap-default\">\n\t\t\t\t\t<div class=\"elementor-column elementor-col-66 elementor-top-column elementor-element elementor-element-4e243948\" data-id=\"4e243948\" data-element_type=\"column\">\n\t\t\t<div class=\"elementor-widget-wrap elementor-element-populated\">\n\t\t\t\t\t\t<div class=\"elementor-element elementor-element-7fa760d7 elementor-widget elementor-widget-text-editor\" data-id=\"7fa760d7\" data-element_type=\"widget\" data-widget_type=\"text-editor.default\">\n\t\t\t\t<div class=\"elementor-widget-container\">\n\t\t\t\t\t\t\t\t\t<h3><strong>&#8220;Irk\u00e7\u0131 olmad\u0131\u011f\u0131n\u0131 iddia edenler b\u00fcy\u00fck bir yan\u0131lg\u0131 i\u00e7indeler\u201d<\/strong><\/h3>\n<p>&nbsp;<\/p>\n<p>Alice Hasters, Alman gazeteci, \u00e7ok satan yazar ve podcast yay\u0131nc\u0131s\u0131d\u0131r. Almanya&#8217;da \u0131rk\u00e7\u0131l\u0131\u011fa kar\u015f\u0131 \u00e7al\u0131\u015fmalar\u0131yla \u00f6rnek oluyor.<\/p>\n<p>Alice Hasters g\u00fcnl\u00fck ili\u015fkilerinde uzun bir s\u00fcre beyaz insanlar\u0131n davran\u0131\u015flar\u0131n\u0131n \u0131rk\u00e7\u0131 oldu\u011funu alg\u0131lamam\u0131\u015ft\u0131. \u00c7\u00fcnk\u00fc edilen s\u00f6zler a\u00e7\u0131k a\u00e7\u0131k a\u015f\u0131r\u0131 sa\u011fc\u0131 veya d\u00fc\u015fmanca s\u00f6zler olmasa da beyaz insanlar\u0131 standart olarak g\u00f6ren ve Siyahileri \u201cDi\u011feri\u201d olarak d\u0131\u015flayan g\u00fc\u00e7 dengesizli\u011fini ortaya \u00e7\u0131kar\u0131rlar. Bu ba\u011flamda Almancada bir kar\u015f\u0131l\u0131\u011f\u0131 olmayan \u201cOthering\u201d (Di\u011ferle\u015ftirme) bu durumu \u00e7ok iyi tarif eder. 2019\u2019da Alice Hasters\u2019in \u201cWas wei\u00dfe Menschen nicht \u00fcber Rassismus h\u00f6ren wollen, aber wissen sollten\u201d (Beyaz insanlar\u0131n \u0131rk\u00e7\u0131l\u0131k hakk\u0131nda duymak istemedikleri ama bilmeleri gerekenler) adl\u0131 ilk kitab\u0131n\u0131 yay\u0131nlad\u0131. Bu kitab\u0131n bir \u00f6zelli\u011fi her g\u00fcn \u0131rk\u00e7\u0131l\u0131k ma\u011fduru olarak otobiyografik ger\u00e7ekler de i\u00e7ermesidir. Alice Hasters\u2019in talebi: Her bir ki\u015finin bunu kabul edip kendini buna g\u00f6re de\u011ferlendirmesi.<\/p>\n<p>\u0130natla ve b\u00fcy\u00fck bir sab\u0131rla, \u201cNerelisin?\u201d gibi ilk bak\u0131\u015fta zarars\u0131z g\u00f6r\u00fcnen sorular\u0131n nihayetinde \u0131rk\u00e7\u0131l\u0131k kaynakl\u0131 oldu\u011funu ve dengesiz g\u00fc\u00e7 bar\u0131nd\u0131rd\u0131\u011f\u0131n\u0131 s\u00f6yl\u00fcyor. Bu haliyle \u00e7ok satan kitab\u0131 zaman\u0131n sinirine dokunarak bir toplumun genelinde rahats\u0131zl\u0131k yarat\u0131yor. Zira insan kendi \u0131rk\u00e7\u0131l\u0131\u011f\u0131yla y\u00fczle\u015fti\u011finde ba\u015fta bu d\u00fc\u015f\u00fcnceye direnir, bu d\u00fc\u015f\u00fcnceyi \u00f6nemsizle\u015ftirir ve reddeder. Bu da Almanya&#8217;da bu sorunun k\u00f6k\u00fcn\u00fcn olduk\u00e7a derinde yatt\u0131\u011f\u0131 ve onunla hi\u00e7 bir \u015fekilde y\u00fczle\u015filmedi\u011fi anlam\u0131na geliyor. Ba\u015far\u0131l\u0131 yazarl\u0131\u011f\u0131n\u0131n yan\u0131nda Alice Hasters RBB ve Tagesschau\u2019da muhabir olarak da \u00e7al\u0131\u015f\u0131yor. Ayr\u0131ca Maximiliane H\u00e4cke ile her ay, \u201cFeuer&amp;Brot\u201d (Ate\u015f ve Ekmek) adl\u0131 ba\u015far\u0131l\u0131 podcast serisinde siyaset, pop k\u00fclt\u00fcr\u00fc ve toplumla ilgili g\u00fcncel konular\u0131 tart\u0131\u015f\u0131yor<\/p>\n\t\t\t\t\t\t\t\t<\/div>\n\t\t\t\t<\/div>\n\t\t\t\t<div class=\"elementor-element elementor-element-00dc729 elementor-widget elementor-widget-text-editor\" data-id=\"00dc729\" data-element_type=\"widget\" data-widget_type=\"text-editor.default\">\n\t\t\t\t<div class=\"elementor-widget-container\">\n\t\t\t\t\t\t\t\t\t<p><strong>*https:\/\/editionf.com\/alice-hasters-rassismus-interview\/(8.3.2023)\u00a0<span style=\"font-size: 16px; font-style: normal;\" data-contrast=\"auto\">\u00a0<\/span><span style=\"font-size: 16px; font-style: normal;\" data-ccp-props=\"{&quot;201341983&quot;:0,&quot;335559740&quot;:257}\">\u00a0<\/span><\/strong><\/p>\n\t\t\t\t\t\t\t\t<\/div>\n\t\t\t\t<\/div>\n\t\t\t\t\t<\/div>\n\t\t<\/div>\n\t\t\t\t<div class=\"elementor-column elementor-col-33 elementor-top-column elementor-element elementor-element-12c7596\" data-id=\"12c7596\" data-element_type=\"column\">\n\t\t\t<div class=\"elementor-widget-wrap elementor-element-populated\">\n\t\t\t\t\t\t<div class=\"elementor-element elementor-element-279352c elementor-widget elementor-widget-image\" data-id=\"279352c\" data-element_type=\"widget\" data-widget_type=\"image.default\">\n\t\t\t\t<div class=\"elementor-widget-container\">\n\t\t\t\t\t\t\t\t\t\t\t\t<figure class=\"wp-caption\">\n\t\t\t\t\t\t\t\t\t\t<img fetchpriority=\"high\" decoding=\"async\" width=\"768\" height=\"1024\" src=\"https:\/\/www.toleranzraeume.org\/wp-content\/uploads\/2023\/03\/alice-hasters-768x1024.jpg\" class=\"attachment-large size-large wp-image-16187\" alt=\"\" srcset=\"https:\/\/www.toleranzraeume.org\/wp-content\/uploads\/2023\/03\/alice-hasters-768x1024.jpg 768w, https:\/\/www.toleranzraeume.org\/wp-content\/uploads\/2023\/03\/alice-hasters-225x300.jpg 225w, https:\/\/www.toleranzraeume.org\/wp-content\/uploads\/2023\/03\/alice-hasters.jpg 1000w\" sizes=\"(max-width: 768px) 100vw, 768px\" \/>\t\t\t\t\t\t\t\t\t\t\t<figcaption class=\"widget-image-caption wp-caption-text\">Credits: Katja Ruge (KRuge) <\/figcaption>\n\t\t\t\t\t\t\t\t\t\t<\/figure>\n\t\t\t\t\t\t\t\t\t<\/div>\n\t\t\t\t<\/div>\n\t\t\t\t\t<\/div>\n\t\t<\/div>\n\t\t\t\t\t<\/div>\n\t\t<\/section>\n\t\t\t\t<\/div>\n\t\t","protected":false},"excerpt":{"rendered":"<p>Alice Hasters (do\u011fum: 1989, K\u00f6ln) &#8220;Irk\u00e7\u0131 olmad\u0131\u011f\u0131n\u0131 iddia edenler b\u00fcy\u00fck bir yan\u0131lg\u0131 i\u00e7indeler\u201d &nbsp; Alice Hasters, Alman gazeteci, \u00e7ok satan yazar ve podcast yay\u0131nc\u0131s\u0131d\u0131r. Almanya&#8217;da \u0131rk\u00e7\u0131l\u0131\u011fa kar\u015f\u0131 \u00e7al\u0131\u015fmalar\u0131yla \u00f6rnek oluyor. Alice Hasters g\u00fcnl\u00fck ili\u015fkilerinde uzun bir s\u00fcre beyaz insanlar\u0131n davran\u0131\u015flar\u0131n\u0131n \u0131rk\u00e7\u0131 oldu\u011funu alg\u0131lamam\u0131\u015ft\u0131. \u00c7\u00fcnk\u00fc edilen s\u00f6zler a\u00e7\u0131k a\u00e7\u0131k a\u015f\u0131r\u0131 sa\u011fc\u0131 veya d\u00fc\u015fmanca s\u00f6zler olmasa da [&hellip;]<\/p>\n","protected":false},"author":4,"featured_media":0,"parent":0,"menu_order":0,"comment_status":"closed","ping_status":"closed","template":"","meta":{"site-sidebar-layout":"no-sidebar","site-content-layout":"page-builder","ast-site-content-layout":"default","site-content-style":"default","site-sidebar-style":"default","ast-global-header-display":"","ast-banner-title-visibility":"","ast-main-header-display":"","ast-hfb-above-header-display":"","ast-hfb-below-header-display":"","ast-hfb-mobile-header-display":"","site-post-title":"disabled","ast-breadcrumbs-content":"","ast-featured-img":"disabled","footer-sml-layout":"","theme-transparent-header-meta":"","adv-header-id-meta":"","stick-header-meta":"","header-above-stick-meta":"","header-main-stick-meta":"","header-below-stick-meta":"","astra-migrate-meta-layouts":"default","ast-page-background-enabled":"default","ast-page-background-meta":{"desktop":{"background-color":"","background-image":"","background-repeat":"repeat","background-position":"center center","background-size":"auto","background-attachment":"scroll","background-type":"","background-media":"","overlay-type":"","overlay-color":"","overlay-opacity":"","overlay-gradient":""},"tablet":{"background-color":"","background-image":"","background-repeat":"repeat","background-position":"center center","background-size":"auto","background-attachment":"scroll","background-type":"","background-media":"","overlay-type":"","overlay-color":"","overlay-opacity":"","overlay-gradient":""},"mobile":{"background-color":"","background-image":"","background-repeat":"repeat","background-position":"center center","background-size":"auto","background-attachment":"scroll","background-type":"","background-media":"","overlay-type":"","overlay-color":"","overlay-opacity":"","overlay-gradient":""}},"ast-content-background-meta":{"desktop":{"background-color":"var(--ast-global-color-5)","background-image":"","background-repeat":"repeat","background-position":"center center","background-size":"auto","background-attachment":"scroll","background-type":"","background-media":"","overlay-type":"","overlay-color":"","overlay-opacity":"","overlay-gradient":""},"tablet":{"background-color":"var(--ast-global-color-5)","background-image":"","background-repeat":"repeat","background-position":"center center","background-size":"auto","background-attachment":"scroll","background-type":"","background-media":"","overlay-type":"","overlay-color":"","overlay-opacity":"","overlay-gradient":""},"mobile":{"background-color":"var(--ast-global-color-5)","background-image":"","background-repeat":"repeat","background-position":"center center","background-size":"auto","background-attachment":"scroll","background-type":"","background-media":"","overlay-type":"","overlay-color":"","overlay-opacity":"","overlay-gradient":""}},"footnotes":""},"class_list":["post-21735","page","type-page","status-publish","hentry"],"_links":{"self":[{"href":"https:\/\/www.toleranzraeume.org\/tr\/wp-json\/wp\/v2\/pages\/21735","targetHints":{"allow":["GET"]}}],"collection":[{"href":"https:\/\/www.toleranzraeume.org\/tr\/wp-json\/wp\/v2\/pages"}],"about":[{"href":"https:\/\/www.toleranzraeume.org\/tr\/wp-json\/wp\/v2\/types\/page"}],"author":[{"embeddable":true,"href":"https:\/\/www.toleranzraeume.org\/tr\/wp-json\/wp\/v2\/users\/4"}],"replies":[{"embeddable":true,"href":"https:\/\/www.toleranzraeume.org\/tr\/wp-json\/wp\/v2\/comments?post=21735"}],"version-history":[{"count":1,"href":"https:\/\/www.toleranzraeume.org\/tr\/wp-json\/wp\/v2\/pages\/21735\/revisions"}],"predecessor-version":[{"id":21736,"href":"https:\/\/www.toleranzraeume.org\/tr\/wp-json\/wp\/v2\/pages\/21735\/revisions\/21736"}],"wp:attachment":[{"href":"https:\/\/www.toleranzraeume.org\/tr\/wp-json\/wp\/v2\/media?parent=21735"}],"curies":[{"name":"wp","href":"https:\/\/api.w.org\/{rel}","templated":true}]}}

<div data-elementor-type="wp-page" data-elementor-id="21735" class="elementor elementor-21735 elementor-7646" data-elementor-post-type="page">
						<section class="elementor-section elementor-top-section elementor-element elementor-element-723b6b83 elementor-section-boxed elementor-section-height-default elementor-section-height-default" data-id="723b6b83" data-element_type="section" data-settings="{&quot;background_background&quot;:&quot;classic&quot;}">
						<div class="elementor-container elementor-column-gap-default">
					<div class="elementor-column elementor-col-100 elementor-top-column elementor-element elementor-element-1676ded1" data-id="1676ded1" data-element_type="column">
			<div class="elementor-widget-wrap elementor-element-populated">
						<div class="elementor-element elementor-element-49f298a9 elementor-widget elementor-widget-heading" data-id="49f298a9" data-element_type="widget" data-widget_type="heading.default">
				<div class="elementor-widget-container">
					<h1 class="elementor-heading-title elementor-size-default">Alice Hasters</h1>				</div>
				</div>
				<div class="elementor-element elementor-element-5d49dcb9 elementor-widget elementor-widget-heading" data-id="5d49dcb9" data-element_type="widget" data-widget_type="heading.default">
				<div class="elementor-widget-container">
					<h2 class="elementor-heading-title elementor-size-default">(doğum: 1989, Köln)</h2>				</div>
				</div>
					</div>
		</div>
					</div>
		</section>
				<section class="elementor-section elementor-top-section elementor-element elementor-element-6abb3dd elementor-reverse-mobile elementor-section-boxed elementor-section-height-default elementor-section-height-default" data-id="6abb3dd" data-element_type="section">
						<div class="elementor-container elementor-column-gap-default">
					<div class="elementor-column elementor-col-66 elementor-top-column elementor-element elementor-element-4e243948" data-id="4e243948" data-element_type="column">
			<div class="elementor-widget-wrap elementor-element-populated">
						<div class="elementor-element elementor-element-7fa760d7 elementor-widget elementor-widget-text-editor" data-id="7fa760d7" data-element_type="widget" data-widget_type="text-editor.default">
				<div class="elementor-widget-container">
									<h3><strong>&#8220;Irkçı olmadığını iddia edenler büyük bir yanılgı içindeler”</strong></h3>
<p>&nbsp;</p>
<p>Alice Hasters, Alman gazeteci, çok satan yazar ve podcast yayıncısıdır. Almanya&#8217;da ırkçılığa karşı çalışmalarıyla örnek oluyor.</p>
<p>Alice Hasters günlük ilişkilerinde uzun bir süre beyaz insanların davranışlarının ırkçı olduğunu algılamamıştı. Çünkü edilen sözler açık açık aşırı sağcı veya düşmanca sözler olmasa da beyaz insanları standart olarak gören ve Siyahileri “Diğeri” olarak dışlayan güç dengesizliğini ortaya çıkarırlar. Bu bağlamda Almancada bir karşılığı olmayan “Othering” (Diğerleştirme) bu durumu çok iyi tarif eder. 2019’da Alice Hasters’in “Was weiße Menschen nicht über Rassismus hören wollen, aber wissen sollten” (Beyaz insanların ırkçılık hakkında duymak istemedikleri ama bilmeleri gerekenler) adlı ilk kitabını yayınladı. Bu kitabın bir özelliği her gün ırkçılık mağduru olarak otobiyografik gerçekler de içermesidir. Alice Hasters’in talebi: Her bir kişinin bunu kabul edip kendini buna göre değerlendirmesi.</p>
<p>İnatla ve büyük bir sabırla, “Nerelisin?” gibi ilk bakışta zararsız görünen soruların nihayetinde ırkçılık kaynaklı olduğunu ve dengesiz güç barındırdığını söylüyor. Bu haliyle çok satan kitabı zamanın sinirine dokunarak bir toplumun genelinde rahatsızlık yaratıyor. Zira insan kendi ırkçılığıyla yüzleştiğinde başta bu düşünceye direnir, bu düşünceyi önemsizleştirir ve reddeder. Bu da Almanya&#8217;da bu sorunun kökünün oldukça derinde yattığı ve onunla hiç bir şekilde yüzleşilmediği anlamına geliyor. Başarılı yazarlığının yanında Alice Hasters RBB ve Tagesschau’da muhabir olarak da çalışıyor. Ayrıca Maximiliane Häcke ile her ay, “Feuer&amp;Brot” (Ateş ve Ekmek) adlı başarılı podcast serisinde siyaset, pop kültürü ve toplumla ilgili güncel konuları tartışıyor</p>
								</div>
				</div>
				<div class="elementor-element elementor-element-00dc729 elementor-widget elementor-widget-text-editor" data-id="00dc729" data-element_type="widget" data-widget_type="text-editor.default">
				<div class="elementor-widget-container">
									<p><strong>*https://editionf.com/alice-hasters-rassismus-interview/(8.3.2023) <span style="font-size: 16px; font-style: normal;" data-contrast="auto"> </span><span style="font-size: 16px; font-style: normal;" data-ccp-props="{&quot;201341983&quot;:0,&quot;335559740&quot;:257}"> </span></strong></p>
								</div>
				</div>
					</div>
		</div>
				<div class="elementor-column elementor-col-33 elementor-top-column elementor-element elementor-element-12c7596" data-id="12c7596" data-element_type="column">
			<div class="elementor-widget-wrap elementor-element-populated">
						<div class="elementor-element elementor-element-279352c elementor-widget elementor-widget-image" data-id="279352c" data-element_type="widget" data-widget_type="image.default">
				<div class="elementor-widget-container">
												<figure class="wp-caption">
										<img fetchpriority="high" decoding="async" width="768" height="1024" src="https://www.toleranzraeume.org/wp-content/uploads/2023/03/alice-hasters-768x1024.jpg" class="attachment-large size-large wp-image-16187" alt="" srcset="https://www.toleranzraeume.org/wp-content/uploads/2023/03/alice-hasters-768x1024.jpg 768w, https://www.toleranzraeume.org/wp-content/uploads/2023/03/alice-hasters-225x300.jpg 225w, https://www.toleranzraeume.org/wp-content/uploads/2023/03/alice-hasters.jpg 1000w" sizes="(max-width: 768px) 100vw, 768px" />											<figcaption class="widget-image-caption wp-caption-text">Credits: Katja Ruge (KRuge) </figcaption>
										</figure>
									</div>
				</div>
					</div>
		</div>
					</div>
		</section>
				</div>

<p>Alice Hasters (doğum: 1989, Köln) &#8220;Irkçı olmadığını iddia edenler büyük bir yanılgı içindeler” &nbsp; Alice Hasters, Alman gazeteci, çok satan yazar ve podcast yayıncısıdır. Almanya&#8217;da ırkçılığa karşı çalışmalarıyla örnek oluyor. Alice Hasters günlük ilişkilerinde uzun bir süre beyaz insanların davranışlarının ırkçı olduğunu algılamamıştı. Çünkü edilen sözler açık açık aşırı sağcı veya düşmanca sözler olmasa da [&hellip;]</p>
