{"id":22210,"date":"2023-03-22T10:06:07","date_gmt":"2023-03-22T09:06:07","guid":{"rendered":"https:\/\/www.toleranzraeume.org\/werner-sylten\/"},"modified":"2024-05-27T15:32:44","modified_gmt":"2024-05-27T13:32:44","slug":"werner-sylten","status":"publish","type":"page","link":"https:\/\/www.toleranzraeume.org\/tr\/werner-sylten\/","title":{"rendered":"Werner Sylten"},"content":{"rendered":"\t\t<div data-elementor-type=\"wp-page\" data-elementor-id=\"22210\" class=\"elementor elementor-22210 elementor-8273\" data-elementor-post-type=\"page\">\n\t\t\t\t\t\t<section class=\"elementor-section elementor-top-section elementor-element elementor-element-36041151 elementor-section-boxed elementor-section-height-default elementor-section-height-default\" data-id=\"36041151\" data-element_type=\"section\" data-settings=\"{&quot;background_background&quot;:&quot;classic&quot;}\">\n\t\t\t\t\t\t<div class=\"elementor-container elementor-column-gap-default\">\n\t\t\t\t\t<div class=\"elementor-column elementor-col-100 elementor-top-column elementor-element elementor-element-6f6d232b\" data-id=\"6f6d232b\" data-element_type=\"column\">\n\t\t\t<div class=\"elementor-widget-wrap elementor-element-populated\">\n\t\t\t\t\t\t<div class=\"elementor-element elementor-element-731f3026 elementor-widget elementor-widget-heading\" data-id=\"731f3026\" data-element_type=\"widget\" data-widget_type=\"heading.default\">\n\t\t\t\t<div class=\"elementor-widget-container\">\n\t\t\t\t\t<h1 class=\"elementor-heading-title elementor-size-default\">Werner Sylten<\/h1>\t\t\t\t<\/div>\n\t\t\t\t<\/div>\n\t\t\t\t<div class=\"elementor-element elementor-element-284b6ff3 elementor-widget elementor-widget-heading\" data-id=\"284b6ff3\" data-element_type=\"widget\" data-widget_type=\"heading.default\">\n\t\t\t\t<div class=\"elementor-widget-container\">\n\t\t\t\t\t<h2 class=\"elementor-heading-title elementor-size-default\">(do\u011fum: 1863, Basel, \u0130svi\u00e7re \u2013 katli: 1942, Hartheim NS \u00d6l\u00fcm Merkezi, Linz, Yukar\u0131 Avusturya) <\/h2>\t\t\t\t<\/div>\n\t\t\t\t<\/div>\n\t\t\t\t\t<\/div>\n\t\t<\/div>\n\t\t\t\t\t<\/div>\n\t\t<\/section>\n\t\t\t\t<section class=\"elementor-section elementor-top-section elementor-element elementor-element-21f6e24 elementor-reverse-mobile elementor-section-boxed elementor-section-height-default elementor-section-height-default\" data-id=\"21f6e24\" data-element_type=\"section\">\n\t\t\t\t\t\t<div class=\"elementor-container elementor-column-gap-default\">\n\t\t\t\t\t<div class=\"elementor-column elementor-col-66 elementor-top-column elementor-element elementor-element-1683e441\" data-id=\"1683e441\" data-element_type=\"column\">\n\t\t\t<div class=\"elementor-widget-wrap elementor-element-populated\">\n\t\t\t\t\t\t<div class=\"elementor-element elementor-element-5f5cb70f elementor-widget elementor-widget-heading\" data-id=\"5f5cb70f\" data-element_type=\"widget\" data-widget_type=\"heading.default\">\n\t\t\t\t<div class=\"elementor-widget-container\">\n\t\t\t\t\t<h2 class=\"elementor-heading-title elementor-size-default\">\u201cArt\u0131k geriye inan\u00e7, umut, sevgi kal\u0131yor, bu \u00fc\u00e7\u00fc - ama bunlar\u0131n en b\u00fcy\u00fc\u011f\u00fc sevgi.\u2019 Bu kesin inan\u00e7la i\u00e7tenlikle birbirimize ba\u011fl\u0131 kalal\u0131m, ondan hep yeni bir cesaret ve yeni bir g\u00fc\u00e7 alal\u0131m.\u2019\u201d  <\/h2>\t\t\t\t<\/div>\n\t\t\t\t<\/div>\n\t\t\t\t<div class=\"elementor-element elementor-element-6c1e1dd elementor-widget elementor-widget-text-editor\" data-id=\"6c1e1dd\" data-element_type=\"widget\" data-widget_type=\"text-editor.default\">\n\t\t\t\t<div class=\"elementor-widget-container\">\n\t\t\t\t\t\t\t\t\t<p><span data-contrast=\"auto\">Werner Sylten, bir bak\u0131m merkezinde gen\u00e7 k\u0131zlara yeni bir yuva sundu, daha sonra da Yahudi olmakla su\u00e7lanarak zulme u\u011frayan H\u0131ristiyan kad\u0131nlar\u0131n Nazilerden ka\u00e7malar\u0131na yard\u0131m etti.\u00a0<\/span><span data-ccp-props=\"{&quot;201341983&quot;:0,&quot;335559740&quot;:259}\">\u00a0<\/span><\/p>\n<p><span data-ccp-props=\"{&quot;201341983&quot;:0,&quot;335559740&quot;:259}\">\u00a0<\/span><\/p>\n<p><span data-contrast=\"auto\">Liberal teolojiden etkilenen papaz Werner Sylten kendini, \u00f6zellikle yard\u0131ma ve hay\u0131rseverli\u011fe muhta\u00e7 insanlara kar\u015f\u0131 sorumlu hissediyordu. Bad K\u00f6stritz\u2019de 1925\u2019ten itibaren y\u0131llarca sosyal a\u00e7\u0131dan savunmas\u0131z, re\u015fit olmayan k\u0131zlar\u0131n bar\u0131nd\u0131\u011f\u0131 bir bak\u0131m merkezini y\u00f6netti. Bu s\u00fcre\u00e7te, reforma inanan bir pedagog olarak da Werner Sylten, Th\u00fcringen k\u0131z yurdunu modernle\u015ftirerek say\u0131s\u0131z e\u011fitim ve bo\u015f zaman kurs sundu.\u00a0<\/span><span data-ccp-props=\"{&quot;201341983&quot;:0,&quot;335559740&quot;:259}\">\u00a0<\/span><\/p>\n<p><span data-ccp-props=\"{&quot;201341983&quot;:0,&quot;335559740&quot;:259}\">\u00a0<\/span><\/p>\n<p><span data-contrast=\"auto\">Nazi Almanyas\u0131 d\u00f6neminde babas\u0131 Alfred Sylten \u2013 eski soyad\u0131yla Silberstein \u2013 H\u0131ristiyanl\u0131\u011fa ge\u00e7en bir Yahudi oldu\u011fu i\u00e7in Werner Sylten 1936\u2019da i\u015finden kovuldu. Th\u00fcringen\u2019de Nazilere sempati besleyen eyalet kilise y\u00f6netimine kar\u015f\u0131 \u00e7\u0131kan Bekennende Kirche (\u0130tiraf\u00e7\u0131 Kilise) \u00fcyesi olarak Sylten, Nazilerin Yahudi zulm\u00fcne kar\u015f\u0131 aktif bir bi\u00e7imde direndi. Meslekta\u015f\u0131 Papaz Heinrich Gr\u00fcber ile birlikte Nazi kanunlar\u0131na g\u00f6re \u201c\u0131rk olarak\u201d Yahudi kabul edilen H\u0131ristiyanlar\u0131n, \u00f6ncelikle g\u00fcvenli bir bi\u00e7imde yurtd\u0131\u015f\u0131na ka\u00e7malar\u0131na yard\u0131m etti. \u0130kinci D\u00fcnya Sava\u015f\u0131&#8217;n\u0131n ba\u015flamas\u0131na kadar bu \u015fekilde 1.000 kadar insan kurtar\u0131labildi.\u00a0<\/span><span data-ccp-props=\"{&quot;201341983&quot;:0,&quot;335559740&quot;:259}\">\u00a0<\/span><\/p>\n<p><span data-ccp-props=\"{&quot;201341983&quot;:0,&quot;335559740&quot;:259}\">\u00a0<\/span><\/p>\n<p><span data-contrast=\"auto\">1941\u2019de Gr\u00fcber\u2019in y\u00f6netti\u011fi, Berlin\u2019deki yasad\u0131\u015f\u0131 Berlin Ka\u00e7\u0131\u015fa Yard\u0131m B\u00fcrosu Nazilerce kapat\u0131ld\u0131. Werner Sylten, Dachau Toplama Kamp\u0131na zorla \u00e7al\u0131\u015ft\u0131r\u0131lmak \u00fczere s\u00fcr\u00fcld\u00fc. 1942\u2019de hastaland\u0131\u011f\u0131nda s\u00f6z\u00fcm ona \u201chasta nakliyle\u201d Linz yak\u0131nlar\u0131ndaki Hartheim\u2019a g\u00f6t\u00fcr\u00fcld\u00fc, \u00e7ok ge\u00e7meden de Hartheim \u015eatosu\u2019ndaki \u201c\u00f6tenazi\u201d \u00f6l\u00fcm merkezinde katledildi. Toplama kamp\u0131ndan yazd\u0131\u011f\u0131 say\u0131s\u0131z mektubu direni\u015finin dokunakl\u0131 bir tan\u0131kl\u0131\u011f\u0131d\u0131r.<\/span><span data-ccp-props=\"{&quot;201341983&quot;:0,&quot;335559740&quot;:259}\">\u00a0<\/span><\/p>\n\t\t\t\t\t\t\t\t<\/div>\n\t\t\t\t<\/div>\n\t\t\t\t<div class=\"elementor-element elementor-element-5a08ee5 elementor-widget elementor-widget-text-editor\" data-id=\"5a08ee5\" data-element_type=\"widget\" data-widget_type=\"text-editor.default\">\n\t\t\t\t<div class=\"elementor-widget-container\">\n\t\t\t\t\t\t\t\t\t<p><span data-contrast=\"auto\">*(2.8.1942 tarihli son mektubundan al\u0131nt\u0131, 10 g\u00fcn sonra Hartheim \u015eatosu\u2019nda katledildi)<\/span><span data-ccp-props=\"{&quot;201341983&quot;:0,&quot;335559740&quot;:259}\">\u00a0<\/span><\/p>\n<p><span data-contrast=\"auto\">Werner Sylten\u2019in Dachau Toplama Kamp\u0131ndan ailesine yazd\u0131\u011f\u0131 mektuplar, Aral\u0131k 1941, \u015eubat 1942, A\u011fustos 1942 (\u00d6zel m\u00fclk Walter Sylten, Berlin), <\/span><a href=\"http:\/\/www.werner-sylten-stiftung.de\/konzentrationslagerhaft-und-ermordung.html\" rel=\"nofollow noopener\" target=\"_blank\"><span data-contrast=\"none\">Konzentrationslager &amp; Ermordung &#8211; werner-sylten-stiftung.de <\/span><span data-contrast=\"auto\">(17.11.2022).<\/span><\/a><span data-ccp-props=\"{&quot;201341983&quot;:0,&quot;335559740&quot;:259}\">\u00a0<\/span><\/p>\n\t\t\t\t\t\t\t\t<\/div>\n\t\t\t\t<\/div>\n\t\t\t\t\t<\/div>\n\t\t<\/div>\n\t\t\t\t<div class=\"elementor-column elementor-col-33 elementor-top-column elementor-element elementor-element-2b07c16c\" data-id=\"2b07c16c\" data-element_type=\"column\">\n\t\t\t<div class=\"elementor-widget-wrap elementor-element-populated\">\n\t\t\t\t\t\t<div class=\"elementor-element elementor-element-779a93b5 elementor-widget elementor-widget-image\" data-id=\"779a93b5\" data-element_type=\"widget\" data-widget_type=\"image.default\">\n\t\t\t\t<div class=\"elementor-widget-container\">\n\t\t\t\t\t\t\t\t\t\t\t\t<figure class=\"wp-caption\">\n\t\t\t\t\t\t\t\t\t\t<img fetchpriority=\"high\" decoding=\"async\" width=\"688\" height=\"1024\" src=\"https:\/\/www.toleranzraeume.org\/wp-content\/uploads\/2023\/03\/Werner-Sylten.jpg\" class=\"attachment-large size-large wp-image-16192\" alt=\"\" srcset=\"https:\/\/www.toleranzraeume.org\/wp-content\/uploads\/2023\/03\/Werner-Sylten.jpg 688w, https:\/\/www.toleranzraeume.org\/wp-content\/uploads\/2023\/03\/Werner-Sylten-202x300.jpg 202w\" sizes=\"(max-width: 688px) 100vw, 688px\" \/>\t\t\t\t\t\t\t\t\t\t\t<figcaption class=\"widget-image-caption wp-caption-text\">Credits: Privatbesitz Adelheid Sylten<\/figcaption>\n\t\t\t\t\t\t\t\t\t\t<\/figure>\n\t\t\t\t\t\t\t\t\t<\/div>\n\t\t\t\t<\/div>\n\t\t\t\t\t<\/div>\n\t\t<\/div>\n\t\t\t\t\t<\/div>\n\t\t<\/section>\n\t\t\t\t<\/div>\n\t\t","protected":false},"excerpt":{"rendered":"<p>Werner Sylten (do\u011fum: 1863, Basel, \u0130svi\u00e7re \u2013 katli: 1942, Hartheim NS \u00d6l\u00fcm Merkezi, Linz, Yukar\u0131 Avusturya) \u201cArt\u0131k geriye inan\u00e7, umut, sevgi kal\u0131yor, bu \u00fc\u00e7\u00fc &#8211; ama bunlar\u0131n en b\u00fcy\u00fc\u011f\u00fc sevgi.\u2019 Bu kesin inan\u00e7la i\u00e7tenlikle birbirimize ba\u011fl\u0131 kalal\u0131m, ondan hep yeni bir cesaret ve yeni bir g\u00fc\u00e7 alal\u0131m.\u2019\u201d Werner Sylten, bir bak\u0131m merkezinde gen\u00e7 k\u0131zlara yeni [&hellip;]<\/p>\n","protected":false},"author":28,"featured_media":0,"parent":0,"menu_order":0,"comment_status":"closed","ping_status":"closed","template":"","meta":{"site-sidebar-layout":"no-sidebar","site-content-layout":"page-builder","ast-site-content-layout":"default","site-content-style":"default","site-sidebar-style":"default","ast-global-header-display":"","ast-banner-title-visibility":"","ast-main-header-display":"","ast-hfb-above-header-display":"","ast-hfb-below-header-display":"","ast-hfb-mobile-header-display":"","site-post-title":"disabled","ast-breadcrumbs-content":"","ast-featured-img":"disabled","footer-sml-layout":"","theme-transparent-header-meta":"","adv-header-id-meta":"","stick-header-meta":"","header-above-stick-meta":"","header-main-stick-meta":"","header-below-stick-meta":"","astra-migrate-meta-layouts":"default","ast-page-background-enabled":"default","ast-page-background-meta":{"desktop":{"background-color":"","background-image":"","background-repeat":"repeat","background-position":"center center","background-size":"auto","background-attachment":"scroll","background-type":"","background-media":"","overlay-type":"","overlay-color":"","overlay-opacity":"","overlay-gradient":""},"tablet":{"background-color":"","background-image":"","background-repeat":"repeat","background-position":"center center","background-size":"auto","background-attachment":"scroll","background-type":"","background-media":"","overlay-type":"","overlay-color":"","overlay-opacity":"","overlay-gradient":""},"mobile":{"background-color":"","background-image":"","background-repeat":"repeat","background-position":"center center","background-size":"auto","background-attachment":"scroll","background-type":"","background-media":"","overlay-type":"","overlay-color":"","overlay-opacity":"","overlay-gradient":""}},"ast-content-background-meta":{"desktop":{"background-color":"var(--ast-global-color-5)","background-image":"","background-repeat":"repeat","background-position":"center center","background-size":"auto","background-attachment":"scroll","background-type":"","background-media":"","overlay-type":"","overlay-color":"","overlay-opacity":"","overlay-gradient":""},"tablet":{"background-color":"var(--ast-global-color-5)","background-image":"","background-repeat":"repeat","background-position":"center center","background-size":"auto","background-attachment":"scroll","background-type":"","background-media":"","overlay-type":"","overlay-color":"","overlay-opacity":"","overlay-gradient":""},"mobile":{"background-color":"var(--ast-global-color-5)","background-image":"","background-repeat":"repeat","background-position":"center center","background-size":"auto","background-attachment":"scroll","background-type":"","background-media":"","overlay-type":"","overlay-color":"","overlay-opacity":"","overlay-gradient":""}},"footnotes":""},"class_list":["post-22210","page","type-page","status-publish","hentry"],"_links":{"self":[{"href":"https:\/\/www.toleranzraeume.org\/tr\/wp-json\/wp\/v2\/pages\/22210","targetHints":{"allow":["GET"]}}],"collection":[{"href":"https:\/\/www.toleranzraeume.org\/tr\/wp-json\/wp\/v2\/pages"}],"about":[{"href":"https:\/\/www.toleranzraeume.org\/tr\/wp-json\/wp\/v2\/types\/page"}],"author":[{"embeddable":true,"href":"https:\/\/www.toleranzraeume.org\/tr\/wp-json\/wp\/v2\/users\/28"}],"replies":[{"embeddable":true,"href":"https:\/\/www.toleranzraeume.org\/tr\/wp-json\/wp\/v2\/comments?post=22210"}],"version-history":[{"count":1,"href":"https:\/\/www.toleranzraeume.org\/tr\/wp-json\/wp\/v2\/pages\/22210\/revisions"}],"predecessor-version":[{"id":22211,"href":"https:\/\/www.toleranzraeume.org\/tr\/wp-json\/wp\/v2\/pages\/22210\/revisions\/22211"}],"wp:attachment":[{"href":"https:\/\/www.toleranzraeume.org\/tr\/wp-json\/wp\/v2\/media?parent=22210"}],"curies":[{"name":"wp","href":"https:\/\/api.w.org\/{rel}","templated":true}]}}

<div data-elementor-type="wp-page" data-elementor-id="22210" class="elementor elementor-22210 elementor-8273" data-elementor-post-type="page">
						<section class="elementor-section elementor-top-section elementor-element elementor-element-36041151 elementor-section-boxed elementor-section-height-default elementor-section-height-default" data-id="36041151" data-element_type="section" data-settings="{&quot;background_background&quot;:&quot;classic&quot;}">
						<div class="elementor-container elementor-column-gap-default">
					<div class="elementor-column elementor-col-100 elementor-top-column elementor-element elementor-element-6f6d232b" data-id="6f6d232b" data-element_type="column">
			<div class="elementor-widget-wrap elementor-element-populated">
						<div class="elementor-element elementor-element-731f3026 elementor-widget elementor-widget-heading" data-id="731f3026" data-element_type="widget" data-widget_type="heading.default">
				<div class="elementor-widget-container">
					<h1 class="elementor-heading-title elementor-size-default">Werner Sylten</h1>				</div>
				</div>
				<div class="elementor-element elementor-element-284b6ff3 elementor-widget elementor-widget-heading" data-id="284b6ff3" data-element_type="widget" data-widget_type="heading.default">
				<div class="elementor-widget-container">
					<h2 class="elementor-heading-title elementor-size-default">(doğum: 1863, Basel, İsviçre – katli: 1942, Hartheim NS Ölüm Merkezi, Linz, Yukarı Avusturya) </h2>				</div>
				</div>
					</div>
		</div>
					</div>
		</section>
				<section class="elementor-section elementor-top-section elementor-element elementor-element-21f6e24 elementor-reverse-mobile elementor-section-boxed elementor-section-height-default elementor-section-height-default" data-id="21f6e24" data-element_type="section">
						<div class="elementor-container elementor-column-gap-default">
					<div class="elementor-column elementor-col-66 elementor-top-column elementor-element elementor-element-1683e441" data-id="1683e441" data-element_type="column">
			<div class="elementor-widget-wrap elementor-element-populated">
						<div class="elementor-element elementor-element-5f5cb70f elementor-widget elementor-widget-heading" data-id="5f5cb70f" data-element_type="widget" data-widget_type="heading.default">
				<div class="elementor-widget-container">
					<h2 class="elementor-heading-title elementor-size-default">“Artık geriye inanç, umut, sevgi kalıyor, bu üçü - ama bunların en büyüğü sevgi.’ Bu kesin inançla içtenlikle birbirimize bağlı kalalım, ondan hep yeni bir cesaret ve yeni bir güç alalım.’”  </h2>				</div>
				</div>
				<div class="elementor-element elementor-element-6c1e1dd elementor-widget elementor-widget-text-editor" data-id="6c1e1dd" data-element_type="widget" data-widget_type="text-editor.default">
				<div class="elementor-widget-container">
									<p><span data-contrast="auto">Werner Sylten, bir bakım merkezinde genç kızlara yeni bir yuva sundu, daha sonra da Yahudi olmakla suçlanarak zulme uğrayan Hıristiyan kadınların Nazilerden kaçmalarına yardım etti. </span><span data-ccp-props="{&quot;201341983&quot;:0,&quot;335559740&quot;:259}"> </span></p>
<p><span data-ccp-props="{&quot;201341983&quot;:0,&quot;335559740&quot;:259}"> </span></p>
<p><span data-contrast="auto">Liberal teolojiden etkilenen papaz Werner Sylten kendini, özellikle yardıma ve hayırseverliğe muhtaç insanlara karşı sorumlu hissediyordu. Bad Köstritz’de 1925’ten itibaren yıllarca sosyal açıdan savunmasız, reşit olmayan kızların barındığı bir bakım merkezini yönetti. Bu süreçte, reforma inanan bir pedagog olarak da Werner Sylten, Thüringen kız yurdunu modernleştirerek sayısız eğitim ve boş zaman kurs sundu. </span><span data-ccp-props="{&quot;201341983&quot;:0,&quot;335559740&quot;:259}"> </span></p>
<p><span data-ccp-props="{&quot;201341983&quot;:0,&quot;335559740&quot;:259}"> </span></p>
<p><span data-contrast="auto">Nazi Almanyası döneminde babası Alfred Sylten – eski soyadıyla Silberstein – Hıristiyanlığa geçen bir Yahudi olduğu için Werner Sylten 1936’da işinden kovuldu. Thüringen’de Nazilere sempati besleyen eyalet kilise yönetimine karşı çıkan Bekennende Kirche (İtirafçı Kilise) üyesi olarak Sylten, Nazilerin Yahudi zulmüne karşı aktif bir biçimde direndi. Meslektaşı Papaz Heinrich Grüber ile birlikte Nazi kanunlarına göre “ırk olarak” Yahudi kabul edilen Hıristiyanların, öncelikle güvenli bir biçimde yurtdışına kaçmalarına yardım etti. İkinci Dünya Savaşı&#8217;nın başlamasına kadar bu şekilde 1.000 kadar insan kurtarılabildi. </span><span data-ccp-props="{&quot;201341983&quot;:0,&quot;335559740&quot;:259}"> </span></p>
<p><span data-ccp-props="{&quot;201341983&quot;:0,&quot;335559740&quot;:259}"> </span></p>
<p><span data-contrast="auto">1941’de Grüber’in yönettiği, Berlin’deki yasadışı Berlin Kaçışa Yardım Bürosu Nazilerce kapatıldı. Werner Sylten, Dachau Toplama Kampına zorla çalıştırılmak üzere sürüldü. 1942’de hastalandığında sözüm ona “hasta nakliyle” Linz yakınlarındaki Hartheim’a götürüldü, çok geçmeden de Hartheim Şatosu’ndaki “ötenazi” ölüm merkezinde katledildi. Toplama kampından yazdığı sayısız mektubu direnişinin dokunaklı bir tanıklığıdır.</span><span data-ccp-props="{&quot;201341983&quot;:0,&quot;335559740&quot;:259}"> </span></p>
								</div>
				</div>
				<div class="elementor-element elementor-element-5a08ee5 elementor-widget elementor-widget-text-editor" data-id="5a08ee5" data-element_type="widget" data-widget_type="text-editor.default">
				<div class="elementor-widget-container">
									<p><span data-contrast="auto">*(2.8.1942 tarihli son mektubundan alıntı, 10 gün sonra Hartheim Şatosu’nda katledildi)</span><span data-ccp-props="{&quot;201341983&quot;:0,&quot;335559740&quot;:259}"> </span></p>
<p><span data-contrast="auto">Werner Sylten’in Dachau Toplama Kampından ailesine yazdığı mektuplar, Aralık 1941, Şubat 1942, Ağustos 1942 (Özel mülk Walter Sylten, Berlin), </span><a href="http://www.werner-sylten-stiftung.de/konzentrationslagerhaft-und-ermordung.html" rel="nofollow noopener" target="_blank"><span data-contrast="none">Konzentrationslager &amp; Ermordung &#8211; werner-sylten-stiftung.de </span><span data-contrast="auto">(17.11.2022).</span></a><span data-ccp-props="{&quot;201341983&quot;:0,&quot;335559740&quot;:259}"> </span></p>
								</div>
				</div>
					</div>
		</div>
				<div class="elementor-column elementor-col-33 elementor-top-column elementor-element elementor-element-2b07c16c" data-id="2b07c16c" data-element_type="column">
			<div class="elementor-widget-wrap elementor-element-populated">
						<div class="elementor-element elementor-element-779a93b5 elementor-widget elementor-widget-image" data-id="779a93b5" data-element_type="widget" data-widget_type="image.default">
				<div class="elementor-widget-container">
												<figure class="wp-caption">
										<img fetchpriority="high" decoding="async" width="688" height="1024" src="https://www.toleranzraeume.org/wp-content/uploads/2023/03/Werner-Sylten.jpg" class="attachment-large size-large wp-image-16192" alt="" srcset="https://www.toleranzraeume.org/wp-content/uploads/2023/03/Werner-Sylten.jpg 688w, https://www.toleranzraeume.org/wp-content/uploads/2023/03/Werner-Sylten-202x300.jpg 202w" sizes="(max-width: 688px) 100vw, 688px" />											<figcaption class="widget-image-caption wp-caption-text">Credits: Privatbesitz Adelheid Sylten</figcaption>
										</figure>
									</div>
				</div>
					</div>
		</div>
					</div>
		</section>
				</div>

<p>Werner Sylten (doğum: 1863, Basel, İsviçre – katli: 1942, Hartheim NS Ölüm Merkezi, Linz, Yukarı Avusturya) “Artık geriye inanç, umut, sevgi kalıyor, bu üçü &#8211; ama bunların en büyüğü sevgi.’ Bu kesin inançla içtenlikle birbirimize bağlı kalalım, ondan hep yeni bir cesaret ve yeni bir güç alalım.’” Werner Sylten, bir bakım merkezinde genç kızlara yeni [&hellip;]</p>
